CRAN Package Check Results for Package VetResearchLMM

Last updated on 2025-01-23 19:49:40 CET.

Flavor Version Tinstall Tcheck Ttotal Status Flags
r-devel-linux-x86_64-debian-clang 1.0.0 10.14 88.54 98.68 NOTE
r-devel-linux-x86_64-debian-gcc 1.0.0 6.74 65.35 72.09 NOTE
r-devel-linux-x86_64-fedora-clang 1.0.0 159.98 NOTE
r-devel-linux-x86_64-fedora-gcc 1.0.0 139.29 NOTE
r-devel-windows-x86_64 1.0.0 12.00 97.00 109.00 NOTE
r-patched-linux-x86_64 1.0.0 9.49 81.07 90.56 NOTE
r-release-linux-x86_64 1.0.0 10.05 80.20 90.25 NOTE
r-release-macos-arm64 1.0.0 43.00 NOTE
r-release-macos-x86_64 1.0.0 78.00 NOTE
r-release-windows-x86_64 1.0.0 12.00 95.00 107.00 NOTE
r-oldrel-macos-arm64 1.0.0 47.00 NOTE
r-oldrel-macos-x86_64 1.0.0 75.00 NOTE
r-oldrel-windows-x86_64 1.0.0 15.00 118.00 133.00 NOTE

Check Details

Version: 1.0.0
Check: Rd files
Result: NOTE checkRd: (-1) ex121.Rd:18: Escaped LaTeX specials: \& checkRd: (-1) ex124.Rd:18: Escaped LaTeX specials: \& checkRd: (-1) ex125.Rd:18: Escaped LaTeX specials: \& checkRd: (-1) ex127.Rd:18: Escaped LaTeX specials: \& checkRd: (-1) ex32.Rd:18: Escaped LaTeX specials: \& checkRd: (-1) ex33.Rd:18: Escaped LaTeX specials: \& Flavors: r-devel-linux-x86_64-debian-clang, r-devel-linux-x86_64-debian-gcc, r-devel-linux-x86_64-fedora-clang, r-devel-linux-x86_64-fedora-gcc, r-devel-windows-x86_64, r-patched-linux-x86_64, r-release-linux-x86_64, r-release-macos-arm64, r-release-macos-x86_64, r-release-windows-x86_64, r-oldrel-macos-arm64, r-oldrel-macos-x86_64, r-oldrel-windows-x86_64

Version: 1.0.0
Check: dependencies in R code
Result: NOTE Namespace in Imports field not imported from: ‘nlme’ All declared Imports should be used. Flavors: r-devel-linux-x86_64-fedora-clang, r-devel-linux-x86_64-fedora-gcc