CRAN Package Check Results for Package VetResearchLMM

Last updated on 2024-05-29 19:56:21 CEST.

Flavor Version Tinstall Tcheck Ttotal Status Flags
r-devel-linux-x86_64-debian-clang 1.0.0 13.21 105.62 118.83 NOTE
r-devel-linux-x86_64-debian-gcc 1.0.0 9.15 78.02 87.17 NOTE
r-devel-linux-x86_64-fedora-clang 1.0.0 148.27 NOTE
r-devel-linux-x86_64-fedora-gcc 1.0.0 135.71 NOTE
r-devel-windows-x86_64 1.0.0 10.00 95.00 105.00 NOTE
r-patched-linux-x86_64 1.0.0 7.58 98.80 106.38 NOTE
r-release-linux-x86_64 1.0.0 11.04 102.25 113.29 NOTE
r-release-macos-arm64 1.0.0 43.00 NOTE
r-release-windows-x86_64 1.0.0 11.00 93.00 104.00 NOTE
r-oldrel-macos-arm64 1.0.0 47.00 NOTE
r-oldrel-macos-x86_64 1.0.0 75.00 NOTE
r-oldrel-windows-x86_64 1.0.0 15.00 121.00 136.00 NOTE

Check Details

Version: 1.0.0
Check: Rd files
Result: NOTE checkRd: (-1) ex121.Rd:18: Escaped LaTeX specials: \& checkRd: (-1) ex124.Rd:18: Escaped LaTeX specials: \& checkRd: (-1) ex125.Rd:18: Escaped LaTeX specials: \& checkRd: (-1) ex127.Rd:18: Escaped LaTeX specials: \& checkRd: (-1) ex32.Rd:18: Escaped LaTeX specials: \& checkRd: (-1) ex33.Rd:18: Escaped LaTeX specials: \& Flavors: r-devel-linux-x86_64-debian-clang, r-devel-linux-x86_64-debian-gcc, r-devel-linux-x86_64-fedora-clang, r-devel-linux-x86_64-fedora-gcc, r-devel-windows-x86_64, r-patched-linux-x86_64, r-release-linux-x86_64, r-release-macos-arm64, r-release-windows-x86_64, r-oldrel-macos-arm64, r-oldrel-macos-x86_64, r-oldrel-windows-x86_64

Version: 1.0.0
Check: dependencies in R code
Result: NOTE Namespace in Imports field not imported from: ‘nlme’ All declared Imports should be used. Flavors: r-devel-linux-x86_64-fedora-clang, r-devel-linux-x86_64-fedora-gcc