Last updated on 2024-03-28 19:48:49 CET.
Flavor | Version | Tinstall | Tcheck | Ttotal | Status | Flags |
---|---|---|---|---|---|---|
r-devel-linux-x86_64-debian-clang | 1.4.1 | 13.95 | 136.02 | 149.97 | NOTE | |
r-devel-linux-x86_64-debian-gcc | 1.4.1 | 8.52 | 100.45 | 108.97 | NOTE | |
r-devel-linux-x86_64-fedora-clang | 1.4.1 | 180.79 | NOTE | |||
r-devel-linux-x86_64-fedora-gcc | 1.4.1 | 192.48 | NOTE | |||
r-devel-windows-x86_64 | 1.4.1 | 11.00 | 115.00 | 126.00 | NOTE | |
r-patched-linux-x86_64 | 1.4.1 | 20.06 | 125.17 | 145.23 | NOTE | |
r-release-linux-x86_64 | 1.4.1 | 10.29 | 127.59 | 137.88 | OK | |
r-release-macos-arm64 | 1.4.1 | 62.00 | OK | |||
r-release-macos-x86_64 | 1.4.1 | 100.00 | OK | |||
r-release-windows-x86_64 | 1.4.1 | 14.00 | 140.00 | 154.00 | OK | |
r-oldrel-macos-arm64 | 1.4.1 | 60.00 | OK | |||
r-oldrel-windows-x86_64 | 1.4.1 | 17.00 | 141.00 | 158.00 | OK |
Version: 1.4.1
Check: Rd files
Result: NOTE
checkRd: (-1) fit.vfp.Rd:79: Lost braces in \itemize; meant \describe ?
checkRd: (-1) fit.vfp.Rd:80: Lost braces in \itemize; meant \describe ?
checkRd: (-1) fit.vfp.Rd:81: Lost braces in \itemize; meant \describe ?
checkRd: (-1) fit.vfp.Rd:82: Lost braces in \itemize; meant \describe ?
checkRd: (-1) fit.vfp.Rd:83: Lost braces in \itemize; meant \describe ?
checkRd: (-1) fit.vfp.Rd:84: Lost braces in \itemize; meant \describe ?
checkRd: (-1) fit.vfp.Rd:85: Lost braces in \itemize; meant \describe ?
checkRd: (-1) fit.vfp.Rd:86: Lost braces in \itemize; meant \describe ?
checkRd: (-1) fit.vfp.Rd:87: Lost braces in \itemize; meant \describe ?
checkRd: (-1) fit.vfp.Rd:88: Lost braces in \itemize; meant \describe ?
Flavors: r-devel-linux-x86_64-debian-clang, r-devel-linux-x86_64-debian-gcc, r-devel-linux-x86_64-fedora-clang, r-devel-linux-x86_64-fedora-gcc, r-devel-windows-x86_64, r-patched-linux-x86_64