Last updated on 2024-03-28 19:48:49 CET.
Flavor | Version | Tinstall | Tcheck | Ttotal | Status | Flags |
---|---|---|---|---|---|---|
r-devel-linux-x86_64-debian-clang | 1.4 | 148.18 | 99.61 | 247.79 | OK | |
r-devel-linux-x86_64-debian-gcc | 1.4 | 113.31 | 77.18 | 190.49 | OK | |
r-devel-linux-x86_64-fedora-clang | 1.4 | 363.89 | OK | |||
r-devel-linux-x86_64-fedora-gcc | 1.4 | 356.12 | OK | |||
r-devel-windows-x86_64 | 1.4 | 114.00 | 107.00 | 221.00 | OK | |
r-patched-linux-x86_64 | 1.4 | 144.33 | 101.88 | 246.21 | OK | |
r-release-linux-x86_64 | 1.4 | 145.23 | 101.32 | 246.55 | OK | |
r-release-macos-arm64 | 1.4 | 85.00 | NOTE | |||
r-release-macos-x86_64 | 1.4 | 98.00 | NOTE | |||
r-release-windows-x86_64 | 1.4 | 143.00 | 130.00 | 273.00 | OK | |
r-oldrel-macos-arm64 | 1.4 | 76.00 | NOTE | |||
r-oldrel-windows-x86_64 | 1.4 | 131.00 | 123.00 | 254.00 | OK |
Version: 1.4
Check: installed package size
Result: NOTE
installed size is 5.0Mb
sub-directories of 1Mb or more:
libs 4.3Mb
Flavors: r-release-macos-arm64, r-release-macos-x86_64, r-oldrel-macos-arm64