CRAN Package Check Results for Package VEwaningVariant

Last updated on 2023-05-30 09:00:51 CEST.

Flavor Version Tinstall Tcheck Ttotal Status Flags
r-devel-linux-x86_64-debian-clang 1.3 137.50 105.56 243.06 NOTE
r-devel-linux-x86_64-debian-gcc 1.3 111.11 85.09 196.20 NOTE
r-devel-linux-x86_64-fedora-clang 1.3 356.25 NOTE
r-devel-linux-x86_64-fedora-gcc 1.3 382.10 NOTE
r-devel-windows-x86_64 1.3 103.00 119.00 222.00 NOTE
r-patched-linux-x86_64 1.3 117.88 109.02 226.90 NOTE
r-release-linux-x86_64 1.3 114.32 102.29 216.61 NOTE
r-release-macos-arm64 1.3 85.00 NOTE
r-release-macos-x86_64 1.3 145.00 NOTE
r-release-windows-x86_64 1.3 139.00 136.00 275.00 NOTE
r-oldrel-macos-arm64 1.3 80.00 NOTE
r-oldrel-macos-x86_64 1.3 103.00 NOTE
r-oldrel-windows-x86_64 1.3 135.00 132.00 267.00 OK

Check Details

Version: 1.3
Check: C++ specification
Result: NOTE
     Specified C++11: please drop specification unless essential
Flavors: r-devel-linux-x86_64-debian-clang, r-devel-linux-x86_64-debian-gcc, r-devel-linux-x86_64-fedora-clang, r-devel-linux-x86_64-fedora-gcc, r-devel-windows-x86_64, r-patched-linux-x86_64, r-release-linux-x86_64, r-release-macos-arm64, r-release-macos-x86_64, r-release-windows-x86_64

Version: 1.3
Check: installed package size
Result: NOTE
     installed size is 5.3Mb
     sub-directories of 1Mb or more:
     libs 4.6Mb
Flavors: r-release-macos-arm64, r-release-macos-x86_64, r-oldrel-macos-arm64, r-oldrel-macos-x86_64