Last updated on 2024-04-23 19:51:03 CEST.
Flavor | Version | Tinstall | Tcheck | Ttotal | Status | Flags |
---|---|---|---|---|---|---|
r-devel-linux-x86_64-debian-clang | 0.1.0 | 345.56 | 142.36 | 487.92 | OK | |
r-devel-linux-x86_64-debian-gcc | 0.1.0 | 292.29 | 155.41 | 447.70 | OK | |
r-devel-linux-x86_64-fedora-clang | 0.1.0 | 718.57 | OK | |||
r-devel-linux-x86_64-fedora-gcc | 0.1.0 | 809.44 | OK | |||
r-prerel-macos-arm64 | 0.1.0 | 141.00 | NOTE | |||
r-prerel-windows-x86_64 | 0.1.0 | 274.00 | 271.00 | 545.00 | OK | |
r-patched-linux-x86_64 | 0.1.0 | 376.67 | 179.92 | 556.59 | OK | |
r-release-linux-x86_64 | 0.1.0 | 359.85 | 190.12 | 549.97 | OK | |
r-release-macos-arm64 | 0.1.0 | 180.00 | NOTE | |||
r-release-macos-x86_64 | 0.1.0 | 283.00 | NOTE | |||
r-release-windows-x86_64 | 0.1.0 | 344.00 | 302.00 | 646.00 | OK | |
r-oldrel-macos-arm64 | 0.1.0 | 109.00 | NOTE | |||
r-oldrel-windows-x86_64 | 0.1.0 | 332.00 | 174.00 | 506.00 | OK |
Version: 0.1.0
Check: installed package size
Result: NOTE
installed size is 23.9Mb
sub-directories of 1Mb or more:
doc 2.2Mb
libs 21.5Mb
Flavors: r-prerel-macos-arm64, r-release-macos-arm64, r-release-macos-x86_64, r-oldrel-macos-arm64