Last updated on 2024-03-28 07:53:06 CET.
Flavor | Version | Tinstall | Tcheck | Ttotal | Status | Flags |
---|---|---|---|---|---|---|
r-devel-linux-x86_64-debian-clang | 4.4.2 | 32.91 | 44.76 | 77.67 | OK | |
r-devel-linux-x86_64-debian-gcc | 4.4.2 | 24.95 | 35.53 | 60.48 | OK | |
r-devel-linux-x86_64-fedora-gcc | 4.4.2 | 116.40 | OK | |||
r-devel-windows-x86_64 | 4.4.2 | 55.00 | 130.00 | 185.00 | NOTE | |
r-patched-linux-x86_64 | 4.4.2 | 31.48 | 41.45 | 72.93 | OK | |
r-release-linux-x86_64 | 4.4.2 | 32.45 | 42.74 | 75.19 | OK | |
r-release-macos-arm64 | 4.4.2 | 75.00 | NOTE | |||
r-release-macos-x86_64 | 4.4.2 | 196.00 | NOTE | |||
r-release-windows-x86_64 | 4.4.2 | 100.00 | 154.00 | 254.00 | NOTE | |
r-oldrel-macos-arm64 | 4.4.2 | 71.00 | NOTE | |||
r-oldrel-windows-x86_64 | 4.4.2 | 67.00 | 204.00 | 271.00 | NOTE |
Version: 4.4.2
Check: installed package size
Result: NOTE
installed size is 23.9Mb
sub-directories of 1Mb or more:
doc 1.8Mb
libs 21.9Mb
Flavors: r-devel-windows-x86_64, r-release-macos-arm64, r-release-macos-x86_64, r-release-windows-x86_64, r-oldrel-macos-arm64, r-oldrel-windows-x86_64