Last updated on 2024-03-28 19:48:48 CET.
Flavor | Version | Tinstall | Tcheck | Ttotal | Status | Flags |
---|---|---|---|---|---|---|
r-devel-linux-x86_64-debian-clang | 1.4.0 | 53.34 | 426.80 | 480.14 | OK | |
r-devel-linux-x86_64-debian-gcc | 1.4.0 | 43.84 | 303.86 | 347.70 | OK | |
r-devel-linux-x86_64-fedora-clang | 1.4.0 | 575.80 | OK | |||
r-devel-linux-x86_64-fedora-gcc | 1.4.0 | 591.58 | OK | |||
r-devel-windows-x86_64 | 1.4.0 | 50.00 | 328.00 | 378.00 | NOTE | |
r-patched-linux-x86_64 | 1.4.0 | 51.35 | 396.19 | 447.54 | OK | |
r-release-linux-x86_64 | 1.4.0 | 36.58 | 405.75 | 442.33 | OK | |
r-release-macos-arm64 | 1.4.0 | 175.00 | NOTE | |||
r-release-macos-x86_64 | 1.4.0 | 366.00 | NOTE | |||
r-release-windows-x86_64 | 1.4.0 | 62.00 | 454.00 | 516.00 | NOTE | |
r-oldrel-macos-arm64 | 1.4.0 | 155.00 | NOTE | |||
r-oldrel-windows-x86_64 | 1.4.0 | 67.00 | 446.00 | 513.00 | NOTE |
Version: 1.4.0
Check: installed package size
Result: NOTE
installed size is 5.6Mb
sub-directories of 1Mb or more:
datasets 1.6Mb
doc 1.3Mb
libs 1.0Mb
Flavors: r-devel-windows-x86_64, r-release-macos-arm64, r-release-macos-x86_64, r-release-windows-x86_64, r-oldrel-macos-arm64, r-oldrel-windows-x86_64