CRAN Package Check Results for Package TreeDiagram

Last updated on 2023-10-01 08:52:13 CEST.

Flavor Version Tinstall Tcheck Ttotal Status Flags
r-devel-linux-x86_64-debian-clang 0.1.1 7.80 61.02 68.82 OK
r-devel-linux-x86_64-debian-gcc 0.1.1 5.44 45.71 51.15 OK
r-devel-linux-x86_64-fedora-clang 0.1.1 80.63 NOTE
r-devel-linux-x86_64-fedora-gcc 0.1.1 84.81 NOTE
r-devel-windows-x86_64 0.1.1 8.00 70.00 78.00 OK
r-patched-linux-x86_64 0.1.1 5.33 55.54 60.87 OK
r-release-linux-x86_64 0.1.1 4.17 56.87 61.04 OK
r-release-macos-arm64 0.1.1 27.00 OK
r-release-macos-x86_64 0.1.1 42.00 OK
r-release-windows-x86_64 0.1.1 9.00 74.00 83.00 OK
r-oldrel-macos-arm64 0.1.1 29.00 NOTE
r-oldrel-macos-x86_64 0.1.1 51.00 NOTE
r-oldrel-windows-x86_64 0.1.1 11.00 81.00 92.00 OK

Check Details

Version: 0.1.1
Check: dependencies in R code
Result: NOTE
    Namespace in Imports field not imported from: ‘tree’
     All declared Imports should be used.
Flavors: r-devel-linux-x86_64-fedora-clang, r-devel-linux-x86_64-fedora-gcc, r-oldrel-macos-arm64, r-oldrel-macos-x86_64