Last updated on 2024-03-28 07:53:06 CET.
Flavor | Version | Tinstall | Tcheck | Ttotal | Status | Flags |
---|---|---|---|---|---|---|
r-devel-linux-x86_64-debian-clang | 0.1.1 | 5.30 | 60.84 | 66.14 | OK | |
r-devel-linux-x86_64-debian-gcc | 0.1.1 | 5.44 | 45.98 | 51.42 | OK | |
r-devel-linux-x86_64-fedora-clang | 0.1.1 | 82.19 | NOTE | |||
r-devel-linux-x86_64-fedora-gcc | 0.1.1 | 78.59 | NOTE | |||
r-devel-windows-x86_64 | 0.1.1 | 7.00 | 71.00 | 78.00 | OK | |
r-patched-linux-x86_64 | 0.1.1 | 6.36 | 55.86 | 62.22 | OK | |
r-release-linux-x86_64 | 0.1.1 | 4.50 | 55.83 | 60.33 | OK | |
r-release-macos-arm64 | 0.1.1 | 27.00 | OK | |||
r-release-macos-x86_64 | 0.1.1 | 42.00 | OK | |||
r-release-windows-x86_64 | 0.1.1 | 8.00 | 89.00 | 97.00 | OK | |
r-oldrel-macos-arm64 | 0.1.1 | 29.00 | NOTE | |||
r-oldrel-windows-x86_64 | 0.1.1 | 10.00 | 104.00 | 114.00 | OK |
Version: 0.1.1
Check: dependencies in R code
Result: NOTE
Namespace in Imports field not imported from: ‘tree’
All declared Imports should be used.
Flavors: r-devel-linux-x86_64-fedora-clang, r-devel-linux-x86_64-fedora-gcc, r-oldrel-macos-arm64