Last updated on 2023-05-29 20:00:38 CEST.
Flavor | Version | Tinstall | Tcheck | Ttotal | Status | Flags |
---|---|---|---|---|---|---|
r-devel-linux-x86_64-debian-clang | 1.0.0 | 11.29 | 88.76 | 100.05 | OK | |
r-devel-linux-x86_64-debian-gcc | 1.0.0 | 10.06 | 68.81 | 78.87 | OK | |
r-devel-linux-x86_64-fedora-clang | 1.0.0 | 127.85 | NOTE | |||
r-devel-linux-x86_64-fedora-gcc | 1.0.0 | 154.06 | NOTE | |||
r-devel-windows-x86_64 | 1.0.0 | 13.00 | 80.00 | 93.00 | OK | |
r-patched-linux-x86_64 | 1.0.0 | 10.97 | 85.05 | 96.02 | OK | |
r-release-linux-x86_64 | 1.0.0 | 10.41 | 84.60 | 95.01 | OK | |
r-release-macos-arm64 | 1.0.0 | 48.00 | OK | |||
r-release-macos-x86_64 | 1.0.0 | 74.00 | NOTE | |||
r-release-windows-x86_64 | 1.0.0 | 16.00 | 100.00 | 116.00 | OK | |
r-oldrel-macos-arm64 | 1.0.0 | 39.00 | NOTE | |||
r-oldrel-macos-x86_64 | 1.0.0 | 58.00 | NOTE | |||
r-oldrel-windows-x86_64 | 1.0.0 | 17.00 | 139.00 | 156.00 | OK |
Version: 1.0.0
Check: dependencies in R code
Result: NOTE
Namespaces in Imports field not imported from:
‘MASS’ ‘Matrix’
All declared Imports should be used.
Flavors: r-devel-linux-x86_64-fedora-clang, r-devel-linux-x86_64-fedora-gcc, r-oldrel-macos-arm64, r-oldrel-macos-x86_64
Version: 1.0.0
Check: installed package size
Result: NOTE
installed size is 5.1Mb
sub-directories of 1Mb or more:
data 5.0Mb
Flavor: r-release-macos-x86_64