Last updated on 2023-06-09 19:56:39 CEST.
Flavor | Version | Tinstall | Tcheck | Ttotal | Status | Flags |
---|---|---|---|---|---|---|
r-devel-linux-x86_64-debian-clang | 1.4.5 | 30.68 | 165.63 | 196.31 | NOTE | |
r-devel-linux-x86_64-debian-gcc | 1.4.5 | 24.00 | 126.29 | 150.29 | NOTE | |
r-devel-linux-x86_64-fedora-clang | 1.4.5 | 260.36 | NOTE | |||
r-devel-linux-x86_64-fedora-gcc | 1.4.5 | 263.19 | NOTE | |||
r-devel-windows-x86_64 | 1.4.5 | 29.00 | 169.00 | 198.00 | NOTE | |
r-patched-linux-x86_64 | 1.4.5 | 29.92 | 163.12 | 193.04 | NOTE | |
r-release-linux-x86_64 | 1.4.5 | 24.58 | 162.94 | 187.52 | NOTE | |
r-release-macos-arm64 | 1.4.5 | 90.00 | NOTE | |||
r-release-macos-x86_64 | 1.4.5 | 149.00 | NOTE | |||
r-release-windows-x86_64 | 1.4.5 | 36.00 | 213.00 | 249.00 | NOTE | |
r-oldrel-macos-arm64 | 1.4.5 | 54.00 | OK | |||
r-oldrel-macos-x86_64 | 1.4.5 | 69.00 | OK | |||
r-oldrel-windows-x86_64 | 1.4.5 | 34.00 | 207.00 | 241.00 | OK |
Version: 1.4.5
Check: C++ specification
Result: NOTE
Specified C++11: please drop specification unless essential
Flavors: r-devel-linux-x86_64-debian-clang, r-devel-linux-x86_64-debian-gcc, r-devel-linux-x86_64-fedora-clang, r-devel-linux-x86_64-fedora-gcc, r-devel-windows-x86_64, r-patched-linux-x86_64, r-release-linux-x86_64, r-release-macos-arm64, r-release-macos-x86_64, r-release-windows-x86_64