Last updated on 2024-04-18 20:56:10 CEST.
Flavor | Version | Tinstall | Tcheck | Ttotal | Status | Flags |
---|---|---|---|---|---|---|
r-devel-linux-x86_64-debian-clang | 0.1.0 | 9.16 | 84.84 | 94.00 | OK | |
r-devel-linux-x86_64-debian-gcc | 0.1.0 | 7.48 | 61.89 | 69.37 | OK | |
r-devel-linux-x86_64-fedora-clang | 0.1.0 | 119.49 | NOTE | |||
r-devel-linux-x86_64-fedora-gcc | 0.1.0 | 113.35 | NOTE | |||
r-prerel-macos-arm64 | 0.1.0 | 38.00 | OK | |||
r-prerel-windows-x86_64 | 0.1.0 | 9.00 | 83.00 | 92.00 | OK | |
r-patched-linux-x86_64 | 0.1.0 | 7.86 | 78.07 | 85.93 | OK | |
r-release-linux-x86_64 | 0.1.0 | 9.54 | 84.51 | 94.05 | OK | |
r-release-macos-arm64 | 0.1.0 | 39.00 | OK | |||
r-release-macos-x86_64 | 0.1.0 | 59.00 | OK | |||
r-release-windows-x86_64 | 0.1.0 | 12.00 | 95.00 | 107.00 | OK | |
r-oldrel-macos-arm64 | 0.1.0 | 33.00 | NOTE | |||
r-oldrel-windows-x86_64 | 0.1.0 | 11.00 | 98.00 | 109.00 | OK |
Version: 0.1.0
Check: dependencies in R code
Result: NOTE
Namespace in Imports field not imported from: ‘Matrix’
All declared Imports should be used.
Flavors: r-devel-linux-x86_64-fedora-clang, r-devel-linux-x86_64-fedora-gcc, r-oldrel-macos-arm64