CRAN Package Check Results for Package TiPS

Last updated on 2024-03-03 18:50:09 CET.

Flavor Version Tinstall Tcheck Ttotal Status Flags
r-devel-linux-x86_64-debian-clang 1.2.3 59.08 413.82 472.90 OK
r-devel-linux-x86_64-debian-gcc 1.2.3 44.82 295.77 340.59 OK
r-devel-linux-x86_64-fedora-clang 1.2.3 561.84 OK
r-devel-linux-x86_64-fedora-gcc 1.2.3 567.84 OK
r-devel-windows-x86_64 1.2.3 46.00 446.00 492.00 OK
r-patched-linux-x86_64 1.2.3 58.41 372.88 431.29 OK
r-release-linux-x86_64 1.2.3 59.27 381.65 440.92 OK
r-release-macos-arm64 1.2.3 186.00 NOTE
r-release-macos-x86_64 1.2.3 439.00 NOTE
r-release-windows-x86_64 1.2.3 57.00 437.00 494.00 OK
r-oldrel-macos-arm64 1.2.3 203.00 NOTE
r-oldrel-windows-x86_64 1.2.3 56.00 387.00 443.00 OK

Check Details

Version: 1.2.3
Check: installed package size
Result: NOTE installed size is 6.1Mb sub-directories of 1Mb or more: doc 1.7Mb libs 3.8Mb Flavors: r-release-macos-arm64, r-release-macos-x86_64, r-oldrel-macos-arm64