Last updated on 2024-04-19 07:56:58 CEST.
Flavor | Version | Tinstall | Tcheck | Ttotal | Status | Flags |
---|---|---|---|---|---|---|
r-devel-linux-x86_64-debian-clang | 1.0-4 | 4.37 | 48.52 | 52.89 | NOTE | |
r-devel-linux-x86_64-debian-gcc | 1.0-4 | NOTE | ||||
r-devel-linux-x86_64-fedora-clang | 1.0-4 | 65.67 | NOTE | |||
r-devel-linux-x86_64-fedora-gcc | 1.0-4 | 74.22 | NOTE | |||
r-prerel-macos-arm64 | 1.0-4 | 27.00 | NOTE | |||
r-prerel-windows-x86_64 | 1.0-4 | 4.00 | 60.00 | 64.00 | NOTE | |
r-patched-linux-x86_64 | 1.0-4 | 3.80 | 46.04 | 49.84 | NOTE | |
r-release-linux-x86_64 | 1.0-4 | 3.68 | 44.43 | 48.11 | OK | |
r-release-macos-arm64 | 1.0-4 | 27.00 | OK | |||
r-release-macos-x86_64 | 1.0-4 | 43.00 | OK | |||
r-release-windows-x86_64 | 1.0-4 | 6.00 | 65.00 | 71.00 | OK | |
r-oldrel-macos-arm64 | 1.0-4 | 24.00 | OK | |||
r-oldrel-windows-x86_64 | 1.0-4 | 6.00 | 147.00 | 153.00 | OK |
Version: 1.0-4
Check: Rd \usage sections
Result: NOTE
Documented arguments not in \usage in Rd file 'poisson_likelihood.Rd':
‘rate_exp’ ‘rate_ref’ ‘rate_pla’
Functions with \usage entries need to have the appropriate \alias
entries, and all their arguments documented.
The \usage entries must correspond to syntactically valid R code.
See chapter ‘Writing R documentation files’ in the ‘Writing R
Extensions’ manual.
Flavors: r-devel-linux-x86_64-debian-clang, r-devel-linux-x86_64-debian-gcc, r-devel-linux-x86_64-fedora-clang, r-devel-linux-x86_64-fedora-gcc, r-prerel-macos-arm64, r-prerel-windows-x86_64, r-patched-linux-x86_64