Last updated on 2024-04-24 20:54:26 CEST.
Flavor | Version | Tinstall | Tcheck | Ttotal | Status | Flags |
---|---|---|---|---|---|---|
r-devel-linux-x86_64-debian-clang | 0.1.2 | 7.53 | 131.39 | 138.92 | OK | |
r-devel-linux-x86_64-debian-gcc | 0.1.2 | 6.15 | 95.08 | 101.23 | OK | |
r-devel-linux-x86_64-fedora-clang | 0.1.2 | 168.82 | NOTE | |||
r-devel-linux-x86_64-fedora-gcc | 0.1.2 | 169.10 | NOTE | |||
r-devel-windows-x86_64 | 0.1.2 | 8.00 | 103.00 | 111.00 | OK | |
r-patched-linux-x86_64 | 0.1.2 | 4.56 | 124.38 | 128.94 | OK | |
r-release-linux-x86_64 | 0.1.2 | 4.30 | 124.27 | 128.57 | OK | |
r-release-macos-arm64 | 0.1.2 | 53.00 | OK | |||
r-release-macos-x86_64 | 0.1.2 | 151.00 | OK | |||
r-release-windows-x86_64 | 0.1.2 | 6.00 | 103.00 | 109.00 | OK | |
r-oldrel-macos-arm64 | 0.1.2 | 51.00 | OK | |||
r-oldrel-macos-x86_64 | 0.1.2 | 112.00 | OK | |||
r-oldrel-windows-x86_64 | 0.1.2 | 10.00 | 135.00 | 145.00 | OK |
Version: 0.1.2
Check: dependencies in R code
Result: NOTE
Namespaces in Imports field not imported from:
‘MASS’ ‘base’ ‘graphics’ ‘janitor’ ‘rlang’ ‘testthat’ ‘utils’
All declared Imports should be used.
Flavors: r-devel-linux-x86_64-fedora-clang, r-devel-linux-x86_64-fedora-gcc