Last updated on 2023-06-04 08:57:24 CEST.
Flavor | Version | Tinstall | Tcheck | Ttotal | Status | Flags |
---|---|---|---|---|---|---|
r-devel-linux-x86_64-debian-clang | 1.0.2 | 8.08 | 47.04 | 55.12 | OK | |
r-devel-linux-x86_64-debian-gcc | 1.0.2 | 5.66 | 36.25 | 41.91 | OK | |
r-devel-linux-x86_64-fedora-clang | 1.0.2 | 68.92 | NOTE | |||
r-devel-linux-x86_64-fedora-gcc | 1.0.2 | 72.47 | NOTE | |||
r-devel-windows-x86_64 | 1.0.2 | 10.00 | 60.00 | 70.00 | OK | |
r-patched-linux-x86_64 | 1.0.2 | 6.85 | 46.32 | 53.17 | OK | |
r-release-linux-x86_64 | 1.0.2 | 6.44 | 45.26 | 51.70 | OK | |
r-release-macos-arm64 | 1.0.2 | 25.00 | OK | |||
r-release-macos-x86_64 | 1.0.2 | 38.00 | OK | |||
r-release-windows-x86_64 | 1.0.2 | 12.00 | 68.00 | 80.00 | OK | |
r-oldrel-macos-arm64 | 1.0.2 | 26.00 | NOTE | |||
r-oldrel-macos-x86_64 | 1.0.2 | 32.00 | NOTE | |||
r-oldrel-windows-x86_64 | 1.0.2 | 11.00 | 167.00 | 178.00 | OK |
Version: 1.0.2
Check: dependencies in R code
Result: NOTE
Namespace in Imports field not imported from: ‘Rcpp’
All declared Imports should be used.
Flavors: r-devel-linux-x86_64-fedora-clang, r-devel-linux-x86_64-fedora-gcc, r-oldrel-macos-arm64, r-oldrel-macos-x86_64