Last updated on 2024-03-28 19:48:47 CET.
Flavor | Version | Tinstall | Tcheck | Ttotal | Status | Flags |
---|---|---|---|---|---|---|
r-devel-linux-x86_64-debian-clang | 0.12.10 | 22.83 | 148.82 | 171.65 | OK | |
r-devel-linux-x86_64-debian-gcc | 0.12.10 | 14.95 | 111.55 | 126.50 | OK | |
r-devel-linux-x86_64-fedora-clang | 0.12.10 | 229.87 | OK | |||
r-devel-linux-x86_64-fedora-gcc | 0.12.10 | 215.62 | OK | |||
r-devel-windows-x86_64 | 0.12.10 | 15.00 | 144.00 | 159.00 | OK | |
r-patched-linux-x86_64 | 0.12.10 | 24.94 | 144.24 | 169.18 | OK | |
r-release-linux-x86_64 | 0.12.10 | 13.62 | 149.46 | 163.08 | OK | |
r-release-macos-arm64 | 0.12.10 | 76.00 | NOTE | |||
r-release-macos-x86_64 | 0.12.10 | 91.00 | NOTE | |||
r-release-windows-x86_64 | 0.12.10 | 21.00 | 151.00 | 172.00 | OK | |
r-oldrel-macos-arm64 | 0.12.10 | 68.00 | OK | |||
r-oldrel-windows-x86_64 | 0.12.10 | 22.00 | 153.00 | 175.00 | OK |
Version: 0.12.10
Check: package dependencies
Result: NOTE
Packages suggested but not available for checking: 'dearseq', 'GEOquery'
Flavor: r-release-macos-arm64
Version: 0.12.10
Check: Rd cross-references
Result: NOTE
Package unavailable to check Rd xrefs: ‘dearseq’
Flavors: r-release-macos-arm64, r-release-macos-x86_64
Version: 0.12.10
Check: package dependencies
Result: NOTE
Package suggested but not available for checking: ‘dearseq’
Flavor: r-release-macos-x86_64