Last updated on 2023-10-01 08:52:13 CEST.
Flavor | Version | Tinstall | Tcheck | Ttotal | Status | Flags |
---|---|---|---|---|---|---|
r-devel-linux-x86_64-debian-clang | 1.0.2 | 16.20 | 98.56 | 114.76 | OK | |
r-devel-linux-x86_64-debian-gcc | 1.0.2 | 14.28 | 74.88 | 89.16 | OK | |
r-devel-linux-x86_64-fedora-clang | 1.0.2 | 151.73 | NOTE | |||
r-devel-linux-x86_64-fedora-gcc | 1.0.2 | 148.99 | OK | |||
r-devel-windows-x86_64 | 1.0.2 | 16.00 | 98.00 | 114.00 | OK | |
r-patched-linux-x86_64 | 1.0.2 | 16.96 | 97.43 | 114.39 | OK | |
r-release-linux-x86_64 | 1.0.2 | 15.66 | 99.24 | 114.90 | OK | |
r-release-macos-arm64 | 1.0.2 | 43.00 | OK | |||
r-release-macos-x86_64 | 1.0.2 | 72.00 | OK | |||
r-release-windows-x86_64 | 1.0.2 | 20.00 | 108.00 | 128.00 | OK | |
r-oldrel-macos-arm64 | 1.0.2 | 39.00 | OK | |||
r-oldrel-macos-x86_64 | 1.0.2 | 56.00 | OK | |||
r-oldrel-windows-x86_64 | 1.0.2 | 19.00 | 110.00 | 129.00 | OK |
Version: 1.0.2
Check: installed package size
Result: NOTE
installed size is 7.0Mb
sub-directories of 1Mb or more:
libs 6.4Mb
Flavor: r-devel-linux-x86_64-fedora-clang