Last updated on 2024-03-28 07:53:06 CET.
Flavor | Version | Tinstall | Tcheck | Ttotal | Status | Flags |
---|---|---|---|---|---|---|
r-devel-linux-x86_64-debian-clang | 0.3.1 | 13.02 | 88.11 | 101.13 | OK | |
r-devel-linux-x86_64-debian-gcc | 0.3.1 | 9.40 | 65.29 | 74.69 | OK | |
r-devel-linux-x86_64-fedora-clang | 0.3.1 | 125.40 | NOTE | |||
r-devel-linux-x86_64-fedora-gcc | 0.3.1 | 115.22 | OK | |||
r-devel-windows-x86_64 | 0.3.1 | 11.00 | 188.00 | 199.00 | OK | |
r-patched-linux-x86_64 | 0.3.1 | 7.35 | 83.74 | 91.09 | OK | |
r-release-linux-x86_64 | 0.3.1 | 7.13 | 84.60 | 91.73 | OK | |
r-release-macos-arm64 | 0.3.1 | 38.00 | OK | |||
r-release-macos-x86_64 | 0.3.1 | 58.00 | OK | |||
r-release-windows-x86_64 | 0.3.1 | 14.00 | 99.00 | 113.00 | OK | |
r-oldrel-macos-arm64 | 0.3.1 | 36.00 | OK | |||
r-oldrel-windows-x86_64 | 0.3.1 | 16.00 | 102.00 | 118.00 | OK |
Version: 0.3.1
Check: Rd cross-references
Result: NOTE
Undeclared package ‘gimms’ in Rd xrefs
Flavor: r-devel-linux-x86_64-fedora-clang