Last updated on 2024-03-28 19:48:48 CET.
Flavor | Version | Tinstall | Tcheck | Ttotal | Status | Flags |
---|---|---|---|---|---|---|
r-devel-linux-x86_64-debian-clang | 0.1.1 | 10.62 | 71.92 | 82.54 | NOTE | |
r-devel-linux-x86_64-debian-gcc | 0.1.1 | 7.55 | 57.39 | 64.94 | NOTE | |
r-devel-linux-x86_64-fedora-clang | 0.1.1 | 102.45 | NOTE | |||
r-devel-linux-x86_64-fedora-gcc | 0.1.1 | 111.45 | NOTE | |||
r-devel-windows-x86_64 | 0.1.1 | 10.00 | 224.00 | 234.00 | NOTE | |
r-patched-linux-x86_64 | 0.1.1 | 10.72 | 73.63 | 84.35 | NOTE | |
r-release-linux-x86_64 | 0.1.1 | 7.08 | 70.02 | 77.10 | NOTE | |
r-release-macos-arm64 | 0.1.1 | 35.00 | NOTE | |||
r-release-macos-x86_64 | 0.1.1 | 52.00 | NOTE | |||
r-release-windows-x86_64 | 0.1.1 | 11.00 | 84.00 | 95.00 | NOTE | |
r-oldrel-macos-arm64 | 0.1.1 | 30.00 | NOTE | |||
r-oldrel-windows-x86_64 | 0.1.1 | 12.00 | 87.00 | 99.00 | NOTE |
Version: 0.1.1
Check: LazyData
Result: NOTE
'LazyData' is specified without a 'data' directory
Flavors: r-devel-linux-x86_64-debian-clang, r-devel-linux-x86_64-debian-gcc, r-devel-linux-x86_64-fedora-clang, r-devel-linux-x86_64-fedora-gcc, r-devel-windows-x86_64, r-patched-linux-x86_64, r-release-linux-x86_64, r-release-macos-arm64, r-release-macos-x86_64, r-release-windows-x86_64, r-oldrel-macos-arm64, r-oldrel-windows-x86_64