Last updated on 2023-05-30 09:00:50 CEST.
Flavor | Version | Tinstall | Tcheck | Ttotal | Status | Flags |
---|---|---|---|---|---|---|
r-devel-linux-x86_64-debian-clang | 0.0.9 | 16.17 | 26.65 | 42.82 | NOTE | |
r-devel-linux-x86_64-debian-gcc | 0.0.9 | 13.25 | 21.16 | 34.41 | NOTE | |
r-devel-linux-x86_64-fedora-clang | 0.0.9 | 71.99 | NOTE | |||
r-devel-linux-x86_64-fedora-gcc | 0.0.9 | 62.83 | NOTE | |||
r-devel-windows-x86_64 | 0.0.9 | 18.00 | 63.00 | 81.00 | NOTE | |
r-patched-linux-x86_64 | 0.0.9 | 14.06 | 26.25 | 40.31 | NOTE | |
r-release-linux-x86_64 | 0.0.9 | 15.25 | 25.96 | 41.21 | NOTE | |
r-release-macos-arm64 | 0.0.9 | 23.00 | NOTE | |||
r-release-macos-x86_64 | 0.0.9 | 36.00 | NOTE | |||
r-release-windows-x86_64 | 0.0.9 | 18.00 | 66.00 | 84.00 | NOTE | |
r-oldrel-macos-arm64 | 0.0.9 | 24.00 | OK | |||
r-oldrel-macos-x86_64 | 0.0.9 | 29.00 | OK | |||
r-oldrel-windows-x86_64 | 0.0.9 | 21.00 | 68.00 | 89.00 | OK |
Version: 0.0.9
Check: C++ specification
Result: NOTE
Specified C++11: please drop specification unless essential
Flavors: r-devel-linux-x86_64-debian-clang, r-devel-linux-x86_64-debian-gcc, r-devel-linux-x86_64-fedora-clang, r-devel-linux-x86_64-fedora-gcc, r-devel-windows-x86_64, r-patched-linux-x86_64, r-release-linux-x86_64, r-release-macos-arm64, r-release-macos-x86_64, r-release-windows-x86_64