Last updated on 2023-09-30 08:00:43 CEST.
Flavor | Version | Tinstall | Tcheck | Ttotal | Status | Flags |
---|---|---|---|---|---|---|
r-devel-linux-x86_64-debian-clang | 0.1.0 | 5.98 | 78.86 | 84.84 | ERROR | |
r-devel-linux-x86_64-debian-gcc | 0.1.0 | 4.69 | 100.85 | 105.54 | OK | |
r-devel-linux-x86_64-fedora-clang | 0.1.0 | 131.05 | OK | |||
r-devel-linux-x86_64-fedora-gcc | 0.1.0 | 173.36 | OK | |||
r-devel-windows-x86_64 | 0.1.0 | 8.00 | 200.00 | 208.00 | OK | |
r-patched-linux-x86_64 | 0.1.0 | 5.82 | 113.30 | 119.12 | OK | |
r-release-linux-x86_64 | 0.1.0 | 4.27 | 118.19 | 122.46 | OK | |
r-release-macos-arm64 | 0.1.0 | 51.00 | OK | |||
r-release-macos-x86_64 | 0.1.0 | 73.00 | OK | |||
r-release-windows-x86_64 | 0.1.0 | 12.00 | 163.00 | 175.00 | OK | |
r-oldrel-macos-arm64 | 0.1.0 | 33.00 | OK | |||
r-oldrel-macos-x86_64 | 0.1.0 | 71.00 | OK | |||
r-oldrel-windows-x86_64 | 0.1.0 | 10.00 | 163.00 | 173.00 | OK |
Version: 0.1.0
Check: re-building of vignette outputs
Result: ERROR
Error(s) in re-building vignettes:
...
--- re-building ‘TDLM.Rmd’ using rmarkdown
Error: segfault from C stack overflow
Error: segfault from C stack overflow
Error: segfault from C stack overflow
*** caught segfault ***
address 0x15458fe, cause 'memory not mapped'
Traceback:
1: package %in% c("base", "tools", "utils", "grDevices", "graphics", "stats", "datasets", "methods", "grid", "parallel", "splines", "stats4", "tcltk", "compiler")
2: find.package(package, lib.loc, quiet = TRUE)
3: system.file(package = package)
4: is_available("bslib")
5: is_bs_theme(theme)
6: base()
7: base()
8: output_format$on_exit()
9: rmarkdown::render(file, encoding = encoding, quiet = quiet, envir = globalenv(), output_dir = getwd(), ...)
10: vweave_rmarkdown(...)
11: engine$weave(file, quiet = quiet, encoding = enc)
12: doTryCatch(return(expr), name, parentenv, handler)
13: tryCatchOne(expr, names, parentenv, handlers[[1L]])
14: tryCatchList(expr, classes, parentenv, handlers)
15: tryCatch({ engine$weave(file, quiet = quiet, encoding = enc) setwd(startdir) output <- find_vignette_product(name, by = "weave", engine = engine) if (!have.makefile && vignette_is_tex(output)) { texi2pdf(file = output, clean = FALSE, quiet = quiet) output <- find_vignette_product(name, by = "texi2pdf", engine = engine) } outputs <- c(outputs, output)}, error = function(e) { thisOK <<- FALSE fails <<- c(fails, file) message(gettextf("Error: processing vignette '%s' failed with diagnostics:\n%s", file, conditionMessage(e)))})
16: tools::buildVignettes(dir = "/home/hornik/tmp/R.check/r-devel-clang/Work/PKGS/TDLM.Rcheck/vign_test/TDLM", skip = TRUE, ser_elibs = "/tmp/RtmpDZfpiZ/file35d0af2b973e91.rds")
An irrecoverable exception occurred. R is aborting now ...
Segmentation fault
Flavor: r-devel-linux-x86_64-debian-clang