Last updated on 2023-09-25 20:09:02 CEST.
Flavor | Version | Tinstall | Tcheck | Ttotal | Status | Flags |
---|---|---|---|---|---|---|
r-devel-linux-x86_64-debian-clang | 1.2.1 | 11.77 | 94.27 | 106.04 | NOTE | |
r-devel-linux-x86_64-debian-gcc | 1.2.1 | 8.75 | 69.90 | 78.65 | NOTE | |
r-devel-linux-x86_64-fedora-clang | 1.2.1 | 124.67 | NOTE | |||
r-devel-linux-x86_64-fedora-gcc | 1.2.1 | 141.80 | NOTE | |||
r-devel-windows-x86_64 | 1.2.1 | 10.00 | 82.00 | 92.00 | NOTE | |
r-patched-linux-x86_64 | 1.2.1 | 8.30 | 91.44 | 99.74 | NOTE | |
r-release-linux-x86_64 | 1.2.1 | 7.84 | 90.51 | 98.35 | NOTE | |
r-release-macos-arm64 | 1.2.1 | 45.00 | NOTE | |||
r-release-macos-x86_64 | 1.2.1 | 65.00 | NOTE | |||
r-release-windows-x86_64 | 1.2.1 | 14.00 | 99.00 | 113.00 | NOTE | |
r-oldrel-macos-arm64 | 1.2.1 | 35.00 | NOTE | |||
r-oldrel-macos-x86_64 | 1.2.1 | 68.00 | NOTE | |||
r-oldrel-windows-x86_64 | 1.2.1 | 14.00 | 105.00 | 119.00 | NOTE |
Version: 1.2.1
Check: LazyData
Result: NOTE
'LazyData' is specified without a 'data' directory
Flavors: r-devel-linux-x86_64-debian-clang, r-devel-linux-x86_64-debian-gcc, r-devel-linux-x86_64-fedora-clang, r-devel-linux-x86_64-fedora-gcc, r-devel-windows-x86_64, r-patched-linux-x86_64, r-release-linux-x86_64, r-release-macos-arm64, r-release-macos-x86_64, r-release-windows-x86_64, r-oldrel-macos-arm64, r-oldrel-macos-x86_64, r-oldrel-windows-x86_64
Version: 1.2.1
Check: dependencies in R code
Result: NOTE
Namespaces in Imports field not imported from:
‘Matrix’ ‘quadprog’
All declared Imports should be used.
Flavors: r-devel-linux-x86_64-fedora-clang, r-devel-linux-x86_64-fedora-gcc, r-oldrel-macos-arm64, r-oldrel-macos-x86_64