Last updated on 2024-04-18 08:54:51 CEST.
Flavor | Version | Tinstall | Tcheck | Ttotal | Status | Flags |
---|---|---|---|---|---|---|
r-devel-linux-x86_64-debian-clang | 1.0.2 | 47.33 | 137.08 | 184.41 | NOTE | |
r-devel-linux-x86_64-debian-gcc | 1.0.2 | 42.37 | 106.34 | 148.71 | NOTE | |
r-devel-linux-x86_64-fedora-clang | 1.0.2 | 244.16 | NOTE | |||
r-devel-linux-x86_64-fedora-gcc | 1.0.2 | 263.25 | NOTE | |||
r-prerel-macos-arm64 | 1.0.2 | 72.00 | NOTE | |||
r-prerel-windows-x86_64 | 1.0.2 | 42.00 | 136.00 | 178.00 | NOTE | |
r-patched-linux-x86_64 | 1.0.2 | 51.04 | 136.60 | 187.64 | NOTE | |
r-release-linux-x86_64 | 1.0.2 | 47.35 | 136.79 | 184.14 | NOTE | |
r-release-macos-arm64 | 1.0.2 | 91.00 | NOTE | |||
r-release-macos-x86_64 | 1.0.2 | 124.00 | NOTE | |||
r-release-windows-x86_64 | 1.0.2 | 53.00 | 175.00 | 228.00 | NOTE | |
r-oldrel-macos-arm64 | 1.0.2 | 73.00 | NOTE | |||
r-oldrel-windows-x86_64 | 1.0.2 | 53.00 | 197.00 | 250.00 | NOTE |
Version: 1.0.2
Check: C++ specification
Result: NOTE
Specified C++11: please drop specification unless essential
Flavors: r-devel-linux-x86_64-debian-clang, r-devel-linux-x86_64-debian-gcc, r-devel-linux-x86_64-fedora-clang, r-devel-linux-x86_64-fedora-gcc, r-prerel-macos-arm64, r-prerel-windows-x86_64, r-patched-linux-x86_64, r-release-linux-x86_64, r-release-macos-arm64, r-release-macos-x86_64, r-release-windows-x86_64
Version: 1.0.2
Check: LazyData
Result: NOTE
'LazyData' is specified without a 'data' directory
Flavors: r-devel-linux-x86_64-debian-clang, r-devel-linux-x86_64-debian-gcc, r-devel-linux-x86_64-fedora-clang, r-devel-linux-x86_64-fedora-gcc, r-prerel-macos-arm64, r-prerel-windows-x86_64, r-patched-linux-x86_64, r-release-linux-x86_64, r-release-macos-arm64, r-release-macos-x86_64, r-release-windows-x86_64, r-oldrel-macos-arm64, r-oldrel-windows-x86_64
Version: 1.0.2
Check: installed package size
Result: NOTE
installed size is 5.3Mb
sub-directories of 1Mb or more:
libs 5.1Mb
Flavors: r-release-macos-arm64, r-oldrel-macos-arm64