CRAN Package Check Results for Package TAG

Last updated on 2023-05-28 20:04:11 CEST.

Flavor Version Tinstall Tcheck Ttotal Status Flags
r-devel-linux-x86_64-debian-clang 0.5.1 32.47 93.48 125.95 NOTE
r-devel-linux-x86_64-debian-gcc 0.5.1 30.68 71.95 102.63 NOTE
r-devel-linux-x86_64-fedora-clang 0.5.1 173.17 NOTE
r-devel-linux-x86_64-fedora-gcc 0.5.1 191.47 NOTE
r-devel-windows-x86_64 0.5.1 31.00 104.00 135.00 NOTE
r-patched-linux-x86_64 0.5.1 34.07 92.48 126.55 NOTE
r-release-linux-x86_64 0.5.1 28.85 90.62 119.47 NOTE
r-release-macos-arm64 0.5.1 51.00 NOTE
r-release-macos-x86_64 0.5.1 79.00 NOTE
r-release-windows-x86_64 0.5.1 40.00 127.00 167.00 NOTE
r-oldrel-macos-arm64 0.5.1 50.00 OK
r-oldrel-macos-x86_64 0.5.1 62.00 OK
r-oldrel-windows-x86_64 0.5.1 40.00 124.00 164.00 OK

Check Details

Version: 0.5.1
Check: C++ specification
Result: NOTE
     Specified C++11: please drop specification unless essential
Flavors: r-devel-linux-x86_64-debian-clang, r-devel-linux-x86_64-debian-gcc, r-devel-linux-x86_64-fedora-clang, r-devel-linux-x86_64-fedora-gcc, r-devel-windows-x86_64, r-patched-linux-x86_64, r-release-linux-x86_64, r-release-macos-arm64, r-release-macos-x86_64, r-release-windows-x86_64