Last updated on 2023-09-23 19:55:42 CEST.
Flavor | Version | Tinstall | Tcheck | Ttotal | Status | Flags |
---|---|---|---|---|---|---|
r-devel-linux-x86_64-debian-clang | 0.1.3 | 10.25 | 87.53 | 97.78 | OK | |
r-devel-linux-x86_64-debian-gcc | 0.1.3 | 7.80 | 68.96 | 76.76 | OK | |
r-devel-linux-x86_64-fedora-clang | 0.1.3 | 117.83 | NOTE | |||
r-devel-linux-x86_64-fedora-gcc | 0.1.3 | 123.25 | NOTE | |||
r-devel-windows-x86_64 | 0.1.3 | 11.00 | 82.00 | 93.00 | OK | |
r-patched-linux-x86_64 | 0.1.3 | 10.65 | 81.94 | 92.59 | OK | |
r-release-linux-x86_64 | 0.1.3 | 8.55 | 83.10 | 91.65 | OK | |
r-release-macos-arm64 | 0.1.3 | 34.00 | OK | |||
r-release-macos-x86_64 | 0.1.3 | 53.00 | OK | |||
r-release-windows-x86_64 | 0.1.3 | 13.00 | 100.00 | 113.00 | OK | |
r-oldrel-macos-arm64 | 0.1.3 | 30.00 | OK | |||
r-oldrel-macos-x86_64 | 0.1.3 | 50.00 | OK | |||
r-oldrel-windows-x86_64 | 0.1.3 | 14.00 | 100.00 | 114.00 | OK |
Version: 0.1.3
Check: data for non-ASCII characters
Result: NOTE
Note: found 38 marked UTF-8 strings
Flavors: r-devel-linux-x86_64-fedora-clang, r-devel-linux-x86_64-fedora-gcc