Last updated on 2024-04-23 07:51:23 CEST.
Flavor | Version | Tinstall | Tcheck | Ttotal | Status | Flags |
---|---|---|---|---|---|---|
r-devel-linux-x86_64-debian-clang | 1.0.1 | 2.76 | 34.55 | 37.31 | OK | |
r-devel-linux-x86_64-debian-gcc | 1.0.1 | 1.93 | 26.82 | 28.75 | OK | |
r-devel-linux-x86_64-fedora-clang | 1.0.1 | 48.12 | NOTE | |||
r-devel-linux-x86_64-fedora-gcc | 1.0.1 | 47.60 | NOTE | |||
r-prerel-macos-arm64 | 1.0.1 | 21.00 | OK | |||
r-prerel-windows-x86_64 | 1.0.1 | 4.00 | 55.00 | 59.00 | OK | |
r-patched-linux-x86_64 | 1.0.1 | 2.63 | 33.21 | 35.84 | OK | |
r-release-linux-x86_64 | 1.0.1 | 3.08 | 33.59 | 36.67 | OK | |
r-release-macos-arm64 | 1.0.1 | 22.00 | OK | |||
r-release-macos-x86_64 | 1.0.1 | 29.00 | OK | |||
r-release-windows-x86_64 | 1.0.1 | 5.00 | 57.00 | 62.00 | OK | |
r-oldrel-macos-arm64 | 1.0.1 | 21.00 | NOTE | |||
r-oldrel-windows-x86_64 | 1.0.1 | 5.00 | 58.00 | 63.00 | OK |
Version: 1.0.1
Check: dependencies in R code
Result: NOTE
Namespace in Imports field not imported from: ‘utils’
All declared Imports should be used.
Flavors: r-devel-linux-x86_64-fedora-clang, r-devel-linux-x86_64-fedora-gcc, r-oldrel-macos-arm64