Last updated on 2023-06-10 19:57:01 CEST.
Flavor | Version | Tinstall | Tcheck | Ttotal | Status | Flags |
---|---|---|---|---|---|---|
r-devel-linux-x86_64-debian-clang | 2.0-28 | 7.12 | 384.82 | 391.94 | NOTE | |
r-devel-linux-x86_64-debian-gcc | 2.0-28 | 6.17 | 287.23 | 293.40 | NOTE | |
r-devel-linux-x86_64-fedora-clang | 2.0-28 | 461.26 | NOTE | |||
r-devel-linux-x86_64-fedora-gcc | 2.0-28 | 461.01 | NOTE | |||
r-devel-windows-x86_64 | 2.0-28 | 7.00 | 470.00 | 477.00 | NOTE | |
r-patched-linux-x86_64 | 2.0-28 | 8.21 | 356.84 | 365.05 | NOTE | |
r-release-linux-x86_64 | 2.0-28 | 7.39 | 355.47 | 362.86 | NOTE | |
r-release-macos-arm64 | 2.0-28 | 148.00 | NOTE | |||
r-release-macos-x86_64 | 2.0-28 | 190.00 | NOTE | |||
r-release-windows-x86_64 | 2.0-28 | 10.00 | 504.00 | 514.00 | FAIL | |
r-oldrel-macos-arm64 | 2.0-28 | 169.00 | NOTE | |||
r-oldrel-macos-x86_64 | 2.0-28 | 168.00 | OK | |||
r-oldrel-windows-x86_64 | 2.0-28 | 10.00 | 491.00 | 501.00 | FAIL |
Version: 2.0-28
Check: package dependencies
Result: NOTE
Package suggested but not available for checking: ‘extraTrees’
Flavors: r-devel-linux-x86_64-debian-clang, r-devel-linux-x86_64-debian-gcc, r-devel-linux-x86_64-fedora-clang, r-devel-linux-x86_64-fedora-gcc, r-devel-windows-x86_64, r-patched-linux-x86_64, r-release-linux-x86_64, r-release-macos-arm64
Version: 2.0-28
Check: Rd cross-references
Result: NOTE
Unknown package ‘extraTrees’ in Rd xrefs
Flavors: r-devel-linux-x86_64-debian-clang, r-devel-linux-x86_64-debian-gcc, r-devel-linux-x86_64-fedora-clang, r-devel-linux-x86_64-fedora-gcc, r-devel-windows-x86_64, r-patched-linux-x86_64, r-release-linux-x86_64, r-release-macos-arm64, r-release-macos-x86_64
Version: 2.0-28
Check: package dependencies
Result: NOTE
Packages suggested but not available for checking:
'arm', 'bartMachine', 'caret', 'extraTrees', 'genefilter', 'party',
'sva', 'xgboost'
Flavor: r-release-macos-x86_64
Version: 2.0-28
Check: re-building of vignette outputs
Result: FAIL
Flavors: r-release-windows-x86_64, r-oldrel-windows-x86_64
Version: 2.0-28
Check: package dependencies
Result: NOTE
Packages suggested but not available for checking: 'genefilter', 'sva'
Flavor: r-oldrel-macos-arm64