Last updated on 2023-06-05 08:53:42 CEST.
Flavor | Version | Tinstall | Tcheck | Ttotal | Status | Flags |
---|---|---|---|---|---|---|
r-devel-linux-x86_64-debian-clang | 0.1.2 | 39.03 | 80.43 | 119.46 | NOTE | |
r-devel-linux-x86_64-debian-gcc | 0.1.2 | 31.31 | 62.77 | 94.08 | NOTE | |
r-devel-linux-x86_64-fedora-clang | 0.1.2 | 164.70 | NOTE | |||
r-devel-linux-x86_64-fedora-gcc | 0.1.2 | 159.85 | NOTE | |||
r-devel-windows-x86_64 | 0.1.2 | 33.00 | 99.00 | 132.00 | NOTE | |
r-patched-linux-x86_64 | 0.1.2 | 38.44 | 78.49 | 116.93 | NOTE | |
r-release-linux-x86_64 | 0.1.2 | 34.34 | 77.59 | 111.93 | NOTE | |
r-release-macos-arm64 | 0.1.2 | 49.00 | NOTE | |||
r-release-macos-x86_64 | 0.1.2 | 74.00 | NOTE | |||
r-release-windows-x86_64 | 0.1.2 | 43.00 | 114.00 | 157.00 | NOTE | |
r-oldrel-macos-arm64 | 0.1.2 | 41.00 | OK | |||
r-oldrel-macos-x86_64 | 0.1.2 | 58.00 | OK | |||
r-oldrel-windows-x86_64 | 0.1.2 | 43.00 | 113.00 | 156.00 | OK |
Version: 0.1.2
Check: C++ specification
Result: NOTE
Specified C++11: please drop specification unless essential
Flavors: r-devel-linux-x86_64-debian-clang, r-devel-linux-x86_64-debian-gcc, r-devel-linux-x86_64-fedora-clang, r-devel-linux-x86_64-fedora-gcc, r-devel-windows-x86_64, r-patched-linux-x86_64, r-release-linux-x86_64, r-release-macos-arm64, r-release-macos-x86_64, r-release-windows-x86_64