CRAN Package Check Results for Package StereoMorph

Last updated on 2024-06-17 19:51:45 CEST.

Flavor Version Tinstall Tcheck Ttotal Status Flags
r-devel-linux-x86_64-debian-clang 1.6.7 120.62 109.54 230.16 NOTE
r-devel-linux-x86_64-debian-gcc 1.6.7 74.28 77.04 151.32 NOTE
r-devel-linux-x86_64-fedora-clang 1.6.7 313.38 NOTE
r-devel-linux-x86_64-fedora-gcc 1.6.7 298.49 NOTE
r-devel-windows-x86_64 1.6.7 88.00 115.00 203.00 NOTE
r-patched-linux-x86_64 1.6.7 91.88 104.13 196.01 NOTE
r-release-linux-x86_64 1.6.7 91.67 103.73 195.40 NOTE
r-release-macos-arm64 1.6.7 61.00 NOTE
r-release-macos-x86_64 1.6.7 77.00 NOTE
r-release-windows-x86_64 1.6.7 87.00 112.00 199.00 NOTE
r-oldrel-macos-arm64 1.6.7 78.00 OK
r-oldrel-macos-x86_64 1.6.7 117.00 OK
r-oldrel-windows-x86_64 1.6.7 108.00 138.00 246.00 OK

Check Details

Version: 1.6.7
Check: Rd files
Result: NOTE checkRd: (-1) landmarkMatrixToList.Rd:10: Lost braces 10 | \item{semilandmark.pattern}{a regular expression pattern passed to \code{sub()} for identifying and grouping curve points. The default is landmark names ending in one or more numbers. To disable grouping, set to code{''}.} | ^ Flavors: r-devel-linux-x86_64-debian-clang, r-devel-linux-x86_64-debian-gcc, r-devel-linux-x86_64-fedora-clang, r-devel-linux-x86_64-fedora-gcc, r-devel-windows-x86_64, r-patched-linux-x86_64, r-release-linux-x86_64, r-release-macos-arm64, r-release-macos-x86_64, r-release-windows-x86_64