Last updated on 2023-06-02 07:55:36 CEST.
Flavor | Version | Tinstall | Tcheck | Ttotal | Status | Flags |
---|---|---|---|---|---|---|
r-devel-linux-x86_64-debian-clang | 1.0 | 32.49 | 26.25 | 58.74 | OK | |
r-devel-linux-x86_64-debian-gcc | 1.0 | 25.06 | 20.87 | 45.93 | OK | |
r-devel-linux-x86_64-fedora-clang | 1.0 | 87.65 | NOTE | |||
r-devel-linux-x86_64-fedora-gcc | 1.0 | 92.36 | NOTE | |||
r-devel-windows-x86_64 | 1.0 | 28.00 | 61.00 | 89.00 | OK | |
r-patched-linux-x86_64 | 1.0 | OK | ||||
r-release-linux-x86_64 | 1.0 | 25.84 | 25.39 | 51.23 | OK | |
r-release-macos-arm64 | 1.0 | 29.00 | OK | |||
r-release-macos-x86_64 | 1.0 | 42.00 | OK | |||
r-release-windows-x86_64 | 1.0 | 33.00 | 66.00 | 99.00 | OK | |
r-oldrel-macos-arm64 | 1.0 | 26.00 | OK | |||
r-oldrel-macos-x86_64 | 1.0 | 33.00 | OK | |||
r-oldrel-windows-x86_64 | 1.0 | 32.00 | 68.00 | 100.00 | OK |
Version: 1.0
Check: compiled code
Result: NOTE
File ‘StepwiseTest/libs/StepwiseTest.so’:
Found no calls to: ‘R_registerRoutines’, ‘R_useDynamicSymbols’
It is good practice to register native routines and to disable symbol
search.
See ‘Writing portable packages’ in the ‘Writing R Extensions’ manual.
Flavors: r-devel-linux-x86_64-fedora-clang, r-devel-linux-x86_64-fedora-gcc