CRAN Package Check Results for Package StepwiseTest

Last updated on 2024-06-21 20:48:25 CEST.

Flavor Version Tinstall Tcheck Ttotal Status Flags
r-devel-linux-x86_64-debian-clang 1.0 31.71 27.67 59.38 OK
r-devel-linux-x86_64-debian-gcc 1.0 23.97 21.36 45.33 OK
r-devel-linux-x86_64-fedora-clang 1.0 87.01 NOTE
r-devel-linux-x86_64-fedora-gcc 1.0 88.70 NOTE
r-devel-windows-x86_64 1.0 28.00 62.00 90.00 OK
r-patched-linux-x86_64 1.0 30.96 25.87 56.83 OK
r-release-linux-x86_64 1.0 27.11 25.96 53.07 OK
r-release-macos-arm64 1.0 25.00 OK
r-release-macos-x86_64 1.0 33.00 OK
r-release-windows-x86_64 1.0 28.00 63.00 91.00 OK
r-oldrel-macos-arm64 1.0 29.00 OK
r-oldrel-macos-x86_64 1.0 42.00 OK
r-oldrel-windows-x86_64 1.0 34.00 68.00 102.00 OK

Check Details

Version: 1.0
Check: compiled code
Result: NOTE File ‘StepwiseTest/libs/StepwiseTest.so’: Found no calls to: ‘R_registerRoutines’, ‘R_useDynamicSymbols’ It is good practice to register native routines and to disable symbol search. See ‘Writing portable packages’ in the ‘Writing R Extensions’ manual. Flavors: r-devel-linux-x86_64-fedora-clang, r-devel-linux-x86_64-fedora-gcc