Last updated on 2023-06-04 08:57:23 CEST.
Flavor | Version | Tinstall | Tcheck | Ttotal | Status | Flags |
---|---|---|---|---|---|---|
r-devel-linux-x86_64-debian-clang | 1.1.0 | 631.09 | 198.06 | 829.15 | NOTE | |
r-devel-linux-x86_64-debian-gcc | 1.1.0 | 575.82 | 185.18 | 761.00 | NOTE | |
r-devel-linux-x86_64-fedora-clang | 1.1.0 | 978.84 | NOTE | |||
r-devel-linux-x86_64-fedora-gcc | 1.1.0 | 1442.14 | NOTE | |||
r-devel-windows-x86_64 | 1.1.0 | 455.00 | 223.00 | 678.00 | NOTE | |
r-patched-linux-x86_64 | 1.1.0 | 568.01 | 235.68 | 803.69 | NOTE | |
r-release-linux-x86_64 | 1.1.0 | 509.63 | 234.06 | 743.69 | NOTE | |
r-release-macos-arm64 | 1.1.0 | 325.00 | NOTE | |||
r-release-macos-x86_64 | 1.1.0 | 492.00 | NOTE | |||
r-release-windows-x86_64 | 1.1.0 | 603.00 | 280.00 | 883.00 | NOTE | |
r-oldrel-macos-arm64 | 1.1.0 | 225.00 | NOTE | |||
r-oldrel-macos-x86_64 | 1.1.0 | 360.00 | NOTE | |||
r-oldrel-windows-x86_64 | 1.1.0 | 557.00 | 262.00 | 819.00 | NOTE |
Version: 1.1.0
Check: for GNU extensions in Makefiles
Result: NOTE
GNU make is a SystemRequirements.
Flavors: r-devel-linux-x86_64-debian-clang, r-devel-linux-x86_64-debian-gcc, r-devel-linux-x86_64-fedora-clang, r-devel-linux-x86_64-fedora-gcc, r-devel-windows-x86_64, r-patched-linux-x86_64, r-release-linux-x86_64, r-release-macos-arm64, r-release-macos-x86_64, r-release-windows-x86_64, r-oldrel-macos-arm64, r-oldrel-macos-x86_64, r-oldrel-windows-x86_64
Version: 1.1.0
Check: installed package size
Result: NOTE
installed size is 6.6Mb
sub-directories of 1Mb or more:
libs 5.7Mb
Flavors: r-devel-linux-x86_64-fedora-clang, r-devel-windows-x86_64, r-release-macos-arm64, r-release-macos-x86_64, r-release-windows-x86_64, r-oldrel-macos-arm64, r-oldrel-macos-x86_64, r-oldrel-windows-x86_64
Version: 1.1.0
Check: dependencies in R code
Result: NOTE
Namespaces in Imports field not imported from:
‘RcppParallel’ ‘httr’ ‘latex2exp’ ‘rstantools’ ‘tibble’ ‘tidyverse’
‘utils’
All declared Imports should be used.
Flavors: r-devel-linux-x86_64-fedora-clang, r-devel-linux-x86_64-fedora-gcc, r-oldrel-macos-arm64, r-oldrel-macos-x86_64