Last updated on 2024-03-28 07:53:04 CET.
Flavor | Version | Tinstall | Tcheck | Ttotal | Status | Flags |
---|---|---|---|---|---|---|
r-devel-linux-x86_64-debian-clang | 1.2.0 | 770.63 | 250.34 | 1020.97 | NOTE | |
r-devel-linux-x86_64-debian-gcc | 1.2.0 | 709.09 | 239.78 | 948.87 | NOTE | |
r-devel-linux-x86_64-fedora-clang | 1.2.0 | 1258.45 | NOTE | |||
r-devel-linux-x86_64-fedora-gcc | 1.2.0 | 1693.75 | NOTE | |||
r-devel-windows-x86_64 | 1.2.0 | 580.00 | 260.00 | 840.00 | NOTE | |
r-patched-linux-x86_64 | 1.2.0 | 601.32 | 309.92 | 911.24 | NOTE | |
r-release-linux-x86_64 | 1.2.0 | 623.69 | 313.00 | 936.69 | NOTE | |
r-release-macos-arm64 | 1.2.0 | 360.00 | NOTE | |||
r-release-macos-x86_64 | 1.2.0 | 551.00 | NOTE | |||
r-release-windows-x86_64 | 1.2.0 | 735.00 | 318.00 | 1053.00 | NOTE | |
r-oldrel-macos-arm64 | 1.2.0 | 325.00 | NOTE | |||
r-oldrel-windows-x86_64 | 1.2.0 | 716.00 | 301.00 | 1017.00 | NOTE |
Version: 1.2.0
Check: for GNU extensions in Makefiles
Result: NOTE
GNU make is a SystemRequirements.
Flavors: r-devel-linux-x86_64-debian-clang, r-devel-linux-x86_64-debian-gcc, r-devel-linux-x86_64-fedora-clang, r-devel-linux-x86_64-fedora-gcc, r-devel-windows-x86_64, r-patched-linux-x86_64, r-release-linux-x86_64, r-release-macos-arm64, r-release-macos-x86_64, r-release-windows-x86_64, r-oldrel-macos-arm64, r-oldrel-windows-x86_64
Version: 1.2.0
Check: installed package size
Result: NOTE
installed size is 7.6Mb
sub-directories of 1Mb or more:
libs 6.8Mb
Flavors: r-devel-linux-x86_64-fedora-clang, r-devel-windows-x86_64, r-release-macos-arm64, r-release-macos-x86_64, r-release-windows-x86_64, r-oldrel-macos-arm64, r-oldrel-windows-x86_64
Version: 1.2.0
Check: dependencies in R code
Result: NOTE
Namespaces in Imports field not imported from:
‘RcppParallel’ ‘httr’ ‘latex2exp’ ‘rstantools’ ‘tibble’ ‘tidyverse’
‘utils’
All declared Imports should be used.
Flavors: r-devel-linux-x86_64-fedora-clang, r-devel-linux-x86_64-fedora-gcc