Last updated on 2023-12-03 07:52:13 CET.
Flavor | Version | Tinstall | Tcheck | Ttotal | Status | Flags |
---|---|---|---|---|---|---|
r-devel-linux-x86_64-debian-clang | 1.6.3 | 14.68 | 122.22 | 136.90 | NOTE | |
r-devel-linux-x86_64-debian-gcc | 1.6.3 | 11.66 | 91.63 | 103.29 | NOTE | |
r-devel-linux-x86_64-fedora-clang | 1.6.3 | 174.86 | OK | |||
r-devel-linux-x86_64-fedora-gcc | 1.6.3 | 164.25 | OK | |||
r-devel-windows-x86_64 | 1.6.3 | 14.00 | 111.00 | 125.00 | OK | |
r-patched-linux-x86_64 | 1.6.3 | 10.14 | 115.12 | 125.26 | OK | |
r-release-linux-x86_64 | 1.6.3 | 10.59 | 115.54 | 126.13 | OK | |
r-release-macos-arm64 | 1.6.3 | 57.00 | OK | |||
r-release-macos-x86_64 | 1.6.3 | 88.00 | OK | |||
r-release-windows-x86_64 | 1.6.3 | 19.00 | 134.00 | 153.00 | OK | |
r-oldrel-macos-arm64 | 1.6.3 | 52.00 | OK | |||
r-oldrel-macos-x86_64 | 1.6.3 | 84.00 | OK | |||
r-oldrel-windows-x86_64 | 1.6.3 | 19.00 | 133.00 | 152.00 | OK |
Version: 1.6.3
Check: Rd files
Result: NOTE
checkRd: (-1) stamppFst.Rd:20: Lost braces
20 | \code{Fsts}{a matrix of pairwise Fst values between populations}
| ^
checkRd: (-1) stamppFst.Rd:21: Lost braces
21 | \code{Pvalues}{a matrix of p-values for each of the pairwise Fst values containined in the 'Fsts' matrix}
| ^
checkRd: (-1) stamppFst.Rd:22: Lost braces
22 | \code{Bootstraps}{a dataframe of each Fst value generated during Bootstrapping and the associated confidence intervals}
| ^
Flavors: r-devel-linux-x86_64-debian-clang, r-devel-linux-x86_64-debian-gcc