Last updated on 2023-06-08 19:54:23 CEST.
Flavor | Version | Tinstall | Tcheck | Ttotal | Status | Flags |
---|---|---|---|---|---|---|
r-devel-linux-x86_64-debian-clang | 1.0.2 | 41.65 | 42.72 | 84.37 | OK | |
r-devel-linux-x86_64-debian-gcc | 1.0.2 | 35.82 | 31.21 | 67.03 | OK | |
r-devel-linux-x86_64-fedora-clang | 1.0.2 | 120.61 | OK | |||
r-devel-linux-x86_64-fedora-gcc | 1.0.2 | 120.70 | OK | |||
r-devel-windows-x86_64 | 1.0.2 | 41.00 | 72.00 | 113.00 | NOTE | |
r-patched-linux-x86_64 | 1.0.2 | 34.91 | 46.69 | 81.60 | OK | |
r-release-linux-x86_64 | 1.0.2 | 33.43 | 46.79 | 80.22 | OK | |
r-release-macos-arm64 | 1.0.2 | 39.00 | OK | |||
r-release-macos-x86_64 | 1.0.2 | 62.00 | OK | |||
r-release-windows-x86_64 | 1.0.2 | 52.00 | 81.00 | 133.00 | NOTE | |
r-oldrel-macos-arm64 | 1.0.2 | 41.00 | OK | |||
r-oldrel-macos-x86_64 | 1.0.2 | 46.00 | OK | |||
r-oldrel-windows-x86_64 | 1.0.2 | 41.00 | 79.00 | 120.00 | OK |
Version: 1.0.2
Check: C++ specification
Result: NOTE
Specified C++11: please drop specification unless essential
Flavors: r-devel-windows-x86_64, r-release-windows-x86_64