Last updated on 2024-04-18 20:56:07 CEST.
Flavor | Version | Tinstall | Tcheck | Ttotal | Status | Flags |
---|---|---|---|---|---|---|
r-devel-linux-x86_64-debian-clang | 1.6.2 | 61.56 | 102.33 | 163.89 | OK | |
r-devel-linux-x86_64-debian-gcc | 1.6.2 | 46.03 | 77.49 | 123.52 | OK | |
r-devel-linux-x86_64-fedora-clang | 1.6.2 | 201.41 | NOTE | |||
r-devel-linux-x86_64-fedora-gcc | 1.6.2 | 212.92 | NOTE | |||
r-prerel-macos-arm64 | 1.6.2 | 57.00 | NOTE | |||
r-prerel-windows-x86_64 | 1.6.2 | 42.00 | 110.00 | 152.00 | NOTE | |
r-patched-linux-x86_64 | 1.6.2 | 40.67 | 97.87 | 138.54 | OK | |
r-release-linux-x86_64 | 1.6.2 | 45.51 | 100.87 | 146.38 | OK | |
r-release-macos-arm64 | 1.6.2 | 66.00 | NOTE | |||
r-release-macos-x86_64 | 1.6.2 | 98.00 | NOTE | |||
r-release-windows-x86_64 | 1.6.2 | 54.00 | 129.00 | 183.00 | NOTE | |
r-oldrel-macos-arm64 | 1.6.2 | 52.00 | NOTE | |||
r-oldrel-windows-x86_64 | 1.6.2 | 52.00 | 127.00 | 179.00 | NOTE |
Version: 1.6.2
Check: installed package size
Result: NOTE
installed size is 5.1Mb
sub-directories of 1Mb or more:
data 4.7Mb
Flavors: r-devel-linux-x86_64-fedora-clang, r-prerel-macos-arm64, r-prerel-windows-x86_64, r-release-macos-arm64, r-release-macos-x86_64, r-release-windows-x86_64, r-oldrel-macos-arm64, r-oldrel-windows-x86_64
Version: 1.6.2
Check: dependencies in R code
Result: NOTE
Namespace in Imports field not imported from: ‘RcppEigen’
All declared Imports should be used.
Flavors: r-devel-linux-x86_64-fedora-clang, r-devel-linux-x86_64-fedora-gcc, r-oldrel-macos-arm64