CRAN Package Check Results for Package SoyNAM

Last updated on 2023-10-01 08:52:11 CEST.

Flavor Version Tinstall Tcheck Ttotal Status Flags
r-devel-linux-x86_64-debian-clang 1.6.2 53.81 104.41 158.22 OK
r-devel-linux-x86_64-debian-gcc 1.6.2 36.06 80.00 116.06 OK
r-devel-linux-x86_64-fedora-clang 1.6.2 198.12 NOTE
r-devel-linux-x86_64-fedora-gcc 1.6.2 230.78 NOTE
r-devel-windows-x86_64 1.6.2 39.00 112.00 151.00 NOTE
r-patched-linux-x86_64 1.6.2 52.85 103.96 156.81 OK
r-release-linux-x86_64 1.6.2 39.66 105.98 145.64 OK
r-release-macos-arm64 1.6.2 66.00 NOTE
r-release-macos-x86_64 1.6.2 98.00 NOTE
r-release-windows-x86_64 1.6.2 52.00 131.00 183.00 NOTE
r-oldrel-macos-arm64 1.6.2 52.00 NOTE
r-oldrel-macos-x86_64 1.6.2 93.00 NOTE
r-oldrel-windows-x86_64 1.6.2 48.00 126.00 174.00 NOTE

Check Details

Version: 1.6.2
Check: installed package size
Result: NOTE
     installed size is 5.1Mb
     sub-directories of 1Mb or more:
     data 4.7Mb
Flavors: r-devel-linux-x86_64-fedora-clang, r-devel-windows-x86_64, r-release-macos-arm64, r-release-macos-x86_64, r-release-windows-x86_64, r-oldrel-macos-arm64, r-oldrel-macos-x86_64, r-oldrel-windows-x86_64

Version: 1.6.2
Check: dependencies in R code
Result: NOTE
    Namespace in Imports field not imported from: ‘RcppEigen’
     All declared Imports should be used.
Flavors: r-devel-linux-x86_64-fedora-clang, r-devel-linux-x86_64-fedora-gcc, r-oldrel-macos-arm64, r-oldrel-macos-x86_64