Last updated on 2024-04-23 07:51:21 CEST.
Flavor | Version | Tinstall | Tcheck | Ttotal | Status | Flags |
---|---|---|---|---|---|---|
r-devel-linux-x86_64-debian-clang | 0.1.3 | 0.43 | 2.09 | 2.52 | ERROR | |
r-devel-linux-x86_64-debian-gcc | 0.1.3 | 1.61 | 1.61 | ERROR | ||
r-devel-linux-x86_64-fedora-clang | 0.1.3 | 461.31 | NOTE | |||
r-devel-linux-x86_64-fedora-gcc | 0.1.3 | 421.29 | NOTE | |||
r-prerel-macos-arm64 | 0.1.3 | 105.00 | NOTE | |||
r-prerel-macos-x86_64 | 0.1.3 | 259.00 | NOTE | |||
r-prerel-windows-x86_64 | 0.1.3 | 50.00 | 212.00 | 262.00 | NOTE | |
r-patched-linux-x86_64 | 0.1.3 | 41.10 | 266.15 | 307.25 | NOTE | |
r-release-linux-x86_64 | 0.1.3 | 41.73 | 279.50 | 321.23 | NOTE | |
r-release-macos-arm64 | 0.1.3 | 118.00 | NOTE | |||
r-release-macos-x86_64 | 0.1.3 | 299.00 | NOTE | |||
r-release-windows-x86_64 | 0.1.3 | 68.00 | 276.00 | 344.00 | NOTE | |
r-oldrel-macos-arm64 | 0.1.3 | 104.00 | NOTE | |||
r-oldrel-windows-x86_64 | 0.1.3 | 62.00 | 248.00 | 310.00 | NOTE |
Version: 0.1.3
Check: package dependencies
Result: ERROR
Package required but not available: ‘sva’
See section ‘The DESCRIPTION file’ in the ‘Writing R Extensions’
manual.
Flavors: r-devel-linux-x86_64-debian-clang, r-devel-linux-x86_64-debian-gcc
Version: 0.1.3
Check: LazyData
Result: NOTE
'LazyData' is specified without a 'data' directory
Flavors: r-devel-linux-x86_64-fedora-clang, r-devel-linux-x86_64-fedora-gcc, r-prerel-macos-arm64, r-prerel-macos-x86_64, r-prerel-windows-x86_64, r-patched-linux-x86_64, r-release-linux-x86_64, r-release-macos-arm64, r-release-macos-x86_64, r-release-windows-x86_64, r-oldrel-macos-arm64, r-oldrel-windows-x86_64