Last updated on 2023-09-28 08:59:02 CEST.
Flavor | Version | Tinstall | Tcheck | Ttotal | Status | Flags |
---|---|---|---|---|---|---|
r-devel-linux-x86_64-debian-clang | 0.3.9 | 11.65 | 188.05 | 199.70 | NOTE | |
r-devel-linux-x86_64-debian-gcc | 0.3.9 | 8.52 | 136.65 | 145.17 | NOTE | |
r-devel-linux-x86_64-fedora-clang | 0.3.9 | 255.42 | NOTE | |||
r-devel-linux-x86_64-fedora-gcc | 0.3.9 | 259.29 | NOTE | |||
r-devel-windows-x86_64 | 0.3.9 | 10.00 | 145.00 | 155.00 | NOTE | |
r-patched-linux-x86_64 | 0.3.9 | 7.07 | 171.79 | 178.86 | NOTE | |
r-release-linux-x86_64 | 0.3.9 | 6.47 | 175.85 | 182.32 | NOTE | |
r-release-macos-arm64 | 0.3.9 | 80.00 | NOTE | |||
r-release-macos-x86_64 | 0.3.9 | 124.00 | NOTE | |||
r-release-windows-x86_64 | 0.3.9 | 13.00 | 180.00 | 193.00 | NOTE | |
r-oldrel-macos-arm64 | 0.3.9 | 78.00 | NOTE | |||
r-oldrel-macos-x86_64 | 0.3.9 | 101.00 | NOTE | |||
r-oldrel-windows-x86_64 | 0.3.9 | 14.00 | 179.00 | 193.00 | NOTE |
Version: 0.3.9
Check: Rd cross-references
Result: NOTE
Unknown package ‘InformationValue’ in Rd xrefs
Flavors: r-devel-linux-x86_64-debian-clang, r-devel-linux-x86_64-debian-gcc, r-devel-linux-x86_64-fedora-gcc, r-devel-windows-x86_64, r-patched-linux-x86_64, r-release-linux-x86_64, r-release-macos-arm64, r-release-macos-x86_64, r-release-windows-x86_64, r-oldrel-windows-x86_64
Version: 0.3.9
Check: dependencies in R code
Result: NOTE
Namespace in Imports field not imported from: ‘qpdf’
All declared Imports should be used.
Flavors: r-devel-linux-x86_64-fedora-clang, r-devel-linux-x86_64-fedora-gcc, r-oldrel-macos-arm64, r-oldrel-macos-x86_64
Version: 0.3.9
Check: Rd cross-references
Result: NOTE
Undeclared packages ‘InformationValue’, ‘ggthemes’, ‘DataExplorer’ in Rd xrefs
Unknown package ‘InformationValue’ in Rd xrefs
Flavor: r-devel-linux-x86_64-fedora-clang