Last updated on 2024-04-19 07:56:56 CEST.
Flavor | Version | Tinstall | Tcheck | Ttotal | Status | Flags |
---|---|---|---|---|---|---|
r-devel-linux-x86_64-debian-clang | 1.0.3 | 11.31 | 106.53 | 117.84 | NOTE | |
r-devel-linux-x86_64-debian-gcc | 1.0.3 | NOTE | ||||
r-devel-linux-x86_64-fedora-clang | 1.0.3 | 144.63 | NOTE | |||
r-devel-linux-x86_64-fedora-gcc | 1.0.3 | 150.08 | NOTE | |||
r-prerel-macos-arm64 | 1.0.3 | 45.00 | NOTE | |||
r-prerel-windows-x86_64 | 1.0.3 | 9.00 | 91.00 | 100.00 | NOTE | |
r-patched-linux-x86_64 | 1.0.3 | 15.99 | 98.99 | 114.98 | NOTE | |
r-release-linux-x86_64 | 1.0.3 | 10.13 | 101.26 | 111.39 | OK | |
r-release-macos-arm64 | 1.0.3 | 50.00 | OK | |||
r-release-macos-x86_64 | 1.0.3 | 83.00 | OK | |||
r-release-windows-x86_64 | 1.0.3 | 13.00 | 110.00 | 123.00 | OK | |
r-oldrel-macos-arm64 | 1.0.3 | 52.00 | OK | |||
r-oldrel-windows-x86_64 | 1.0.3 | 13.00 | 113.00 | 126.00 | OK |
Version: 1.0.3
Check: Rd files
Result: NOTE
checkRd: (-1) aggrtab.Rd:14: Lost braces
14 | \item{d}{A list d{[[j]]} whose elements are vectors of variable names from A defining marginal tables/cubes
| ^
checkRd: (-1) aggrtab.Rd:24: Lost braces; missing escapes or markup?
24 | D = {D[[j]]} of marginal tables/cubes of A spesified by the list d = d{[[j]]} generated
| ^
checkRd: (-1) aggrtab.Rd:24: Lost braces
24 | D = {D[[j]]} of marginal tables/cubes of A spesified by the list d = d{[[j]]} generated
| ^
checkRd: (-1) makeroundtabs.Rd:31: Lost braces
31 | \item{d}{A list d{[[j]]} whose elements are vectors of variable names from A defining marginal tables/cubes D
| ^
checkRd: (-1) redcube.Rd:15: Lost braces
15 | \item{d}{A list d{[[j]]} whose elements are vectors of variable names from A defining marginal tables/cubes D
| ^
Flavors: r-devel-linux-x86_64-debian-clang, r-devel-linux-x86_64-debian-gcc, r-devel-linux-x86_64-fedora-clang, r-devel-linux-x86_64-fedora-gcc, r-prerel-macos-arm64, r-prerel-windows-x86_64, r-patched-linux-x86_64