Last updated on 2023-05-29 08:55:11 CEST.
Flavor | Version | Tinstall | Tcheck | Ttotal | Status | Flags |
---|---|---|---|---|---|---|
r-devel-linux-x86_64-debian-clang | 1.0-3 | 5.18 | 289.86 | 295.04 | OK | |
r-devel-linux-x86_64-debian-gcc | 1.0-3 | 4.84 | 226.48 | 231.32 | OK | |
r-devel-linux-x86_64-fedora-clang | 1.0-3 | 404.28 | NOTE | |||
r-devel-linux-x86_64-fedora-gcc | 1.0-3 | 370.17 | OK | |||
r-devel-windows-x86_64 | 1.0-3 | 6.00 | 448.00 | 454.00 | NOTE | |
r-patched-linux-x86_64 | 1.0-3 | 7.89 | 283.06 | 290.95 | OK | |
r-release-linux-x86_64 | 1.0-3 | 4.51 | 282.03 | 286.54 | OK | |
r-release-macos-arm64 | 1.0-3 | 136.00 | NOTE | |||
r-release-macos-x86_64 | 1.0-3 | 308.00 | NOTE | |||
r-release-windows-x86_64 | 1.0-3 | 8.00 | 676.00 | 684.00 | NOTE | |
r-oldrel-macos-arm64 | 1.0-3 | 109.00 | NOTE | |||
r-oldrel-macos-x86_64 | 1.0-3 | 130.00 | NOTE | |||
r-oldrel-windows-x86_64 | 1.0-3 | 10.00 | 509.00 | 519.00 | NOTE |
Version: 1.0-3
Check: installed package size
Result: NOTE
installed size is 5.1Mb
sub-directories of 1Mb or more:
doc 3.7Mb
Flavors: r-devel-linux-x86_64-fedora-clang, r-devel-windows-x86_64, r-release-macos-arm64, r-release-macos-x86_64, r-release-windows-x86_64, r-oldrel-macos-arm64, r-oldrel-macos-x86_64, r-oldrel-windows-x86_64