Last updated on 2023-05-31 20:57:21 CEST.
Flavor | Version | Tinstall | Tcheck | Ttotal | Status | Flags |
---|---|---|---|---|---|---|
r-devel-linux-x86_64-debian-clang | 2.0-5 | 5.20 | 270.23 | 275.43 | NOTE | |
r-devel-linux-x86_64-debian-gcc | 2.0-5 | 3.72 | 205.49 | 209.21 | NOTE | |
r-devel-linux-x86_64-fedora-clang | 2.0-5 | 339.96 | NOTE | |||
r-devel-linux-x86_64-fedora-gcc | 2.0-5 | 340.48 | NOTE | |||
r-devel-windows-x86_64 | 2.0-5 | 6.00 | 492.00 | 498.00 | NOTE | |
r-patched-linux-x86_64 | 2.0-5 | NOTE | ||||
r-release-linux-x86_64 | 2.0-5 | 4.91 | 254.51 | 259.42 | NOTE | |
r-release-macos-arm64 | 2.0-5 | 129.00 | NOTE | |||
r-release-macos-x86_64 | 2.0-5 | 288.00 | NOTE | |||
r-release-windows-x86_64 | 2.0-5 | 6.00 | 411.00 | 417.00 | NOTE | |
r-oldrel-macos-arm64 | 2.0-5 | 104.00 | OK | |||
r-oldrel-macos-x86_64 | 2.0-5 | 119.00 | OK | |||
r-oldrel-windows-x86_64 | 2.0-5 | 9.00 | 430.00 | 439.00 | OK |
Version: 2.0-5
Check: Rd files
Result: NOTE
checkRd: (-1) ex0723.Rd:29: Escaped LaTeX specials: \&
checkRd: (-1) ex0915.Rd:25: Escaped LaTeX specials: \&
checkRd: (-1) ex1515.Rd:4: Escaped LaTeX specials: \&
Flavors: r-devel-linux-x86_64-debian-clang, r-devel-linux-x86_64-debian-gcc, r-devel-linux-x86_64-fedora-clang, r-devel-linux-x86_64-fedora-gcc, r-devel-windows-x86_64, r-patched-linux-x86_64, r-release-linux-x86_64, r-release-macos-arm64, r-release-macos-x86_64, r-release-windows-x86_64