Last updated on 2023-12-07 06:51:59 CET.
Flavor | Version | Tinstall | Tcheck | Ttotal | Status | Flags |
---|---|---|---|---|---|---|
r-devel-linux-x86_64-debian-clang | 0.7.2 | 6.23 | 99.12 | 105.35 | NOTE | |
r-devel-linux-x86_64-debian-gcc | 0.7.2 | 5.79 | 73.54 | 79.33 | NOTE | |
r-devel-linux-x86_64-fedora-clang | 0.7.2 | 130.56 | OK | |||
r-devel-linux-x86_64-fedora-gcc | 0.7.2 | 136.28 | OK | |||
r-devel-windows-x86_64 | 0.7.2 | 8.00 | 100.00 | 108.00 | OK | |
r-patched-linux-x86_64 | 0.7.2 | 5.79 | 94.44 | 100.23 | OK | |
r-release-linux-x86_64 | 0.7.2 | 4.17 | 93.44 | 97.61 | OK | |
r-release-macos-arm64 | 0.7.2 | 54.00 | OK | |||
r-release-macos-x86_64 | 0.7.2 | 95.00 | OK | |||
r-release-windows-x86_64 | 0.7.2 | 9.00 | 120.00 | 129.00 | OK | |
r-oldrel-macos-arm64 | 0.7.2 | 47.00 | OK | |||
r-oldrel-macos-x86_64 | 0.7.2 | 66.00 | OK | |||
r-oldrel-windows-x86_64 | 0.7.2 | 10.00 | 116.00 | 126.00 | OK |
Version: 0.7.2
Check: Rd files
Result: NOTE
checkRd: (-1) NAP.Rd:109: Lost braces
109 | bounds for P{X<Y}, based on two independent samples. \emph{The Annals of
| ^
Flavors: r-devel-linux-x86_64-debian-clang, r-devel-linux-x86_64-debian-gcc