CRAN Package Check Results for Package SimilaR

Last updated on 2023-05-30 09:00:48 CEST.

Flavor Version Tinstall Tcheck Ttotal Status Flags
r-devel-linux-x86_64-debian-clang 1.0.8 103.38 35.02 138.40 NOTE
r-devel-linux-x86_64-debian-gcc 1.0.8 80.65 27.52 108.17 NOTE
r-devel-linux-x86_64-fedora-clang 1.0.8 211.02 NOTE
r-devel-linux-x86_64-fedora-gcc 1.0.8 221.54 NOTE
r-devel-windows-x86_64 1.0.8 71.00 67.00 138.00 NOTE
r-patched-linux-x86_64 1.0.8 94.09 34.01 128.10 NOTE
r-release-linux-x86_64 1.0.8 79.59 34.65 114.24 NOTE
r-release-macos-arm64 1.0.8 54.00 NOTE
r-release-macos-x86_64 1.0.8 89.00 NOTE
r-release-windows-x86_64 1.0.8 75.00 77.00 152.00 NOTE
r-oldrel-macos-arm64 1.0.8 50.00 NOTE
r-oldrel-macos-x86_64 1.0.8 66.00 NOTE
r-oldrel-windows-x86_64 1.0.8 104.00 75.00 179.00 OK

Check Details

Version: 1.0.8
Check: C++ specification
Result: NOTE
     Specified C++11: please drop specification unless essential
Flavors: r-devel-linux-x86_64-debian-clang, r-devel-linux-x86_64-debian-gcc, r-devel-linux-x86_64-fedora-clang, r-devel-linux-x86_64-fedora-gcc, r-devel-windows-x86_64, r-patched-linux-x86_64, r-release-linux-x86_64, r-release-macos-arm64, r-release-macos-x86_64, r-release-windows-x86_64

Version: 1.0.8
Check: installed package size
Result: NOTE
     installed size is 5.7Mb
     sub-directories of 1Mb or more:
     libs 5.6Mb
Flavors: r-release-macos-arm64, r-release-macos-x86_64, r-oldrel-macos-arm64, r-oldrel-macos-x86_64