Last updated on 2024-03-28 19:48:45 CET.
Flavor | Version | Tinstall | Tcheck | Ttotal | Status | Flags |
---|---|---|---|---|---|---|
r-devel-linux-x86_64-debian-clang | 0.1.6 | 13.89 | 109.51 | 123.40 | NOTE | |
r-devel-linux-x86_64-debian-gcc | 0.1.6 | 9.63 | 80.73 | 90.36 | NOTE | |
r-devel-linux-x86_64-fedora-clang | 0.1.6 | 151.25 | OK | |||
r-devel-linux-x86_64-fedora-gcc | 0.1.6 | 156.56 | OK | |||
r-devel-windows-x86_64 | 0.1.6 | 12.00 | 96.00 | 108.00 | OK | |
r-patched-linux-x86_64 | 0.1.6 | 7.82 | 103.33 | 111.15 | NOTE | |
r-release-linux-x86_64 | 0.1.6 | 8.25 | 101.27 | 109.52 | NOTE | |
r-release-macos-arm64 | 0.1.6 | 49.00 | NOTE | |||
r-release-macos-x86_64 | 0.1.6 | 110.00 | NOTE | |||
r-release-windows-x86_64 | 0.1.6 | 17.00 | 115.00 | 132.00 | NOTE | |
r-oldrel-macos-arm64 | 0.1.6 | 57.00 | NOTE | |||
r-oldrel-windows-x86_64 | 0.1.6 | 17.00 | 116.00 | 133.00 | NOTE |
Version: 0.1.6
Check: package dependencies
Result: NOTE
Package suggested but not available for checking: ‘INLA’
Flavors: r-devel-linux-x86_64-debian-clang, r-devel-linux-x86_64-debian-gcc, r-patched-linux-x86_64, r-release-linux-x86_64, r-release-macos-arm64, r-release-macos-x86_64, r-release-windows-x86_64, r-oldrel-macos-arm64, r-oldrel-windows-x86_64