Last updated on 2023-10-01 08:52:11 CEST.
Flavor | Version | Tinstall | Tcheck | Ttotal | Status | Flags |
---|---|---|---|---|---|---|
r-devel-linux-x86_64-debian-clang | 0.1.6 | 11.49 | 110.63 | 122.12 | NOTE | |
r-devel-linux-x86_64-debian-gcc | 0.1.6 | 10.48 | 79.81 | 90.29 | NOTE | |
r-devel-linux-x86_64-fedora-clang | 0.1.6 | 144.16 | OK | |||
r-devel-linux-x86_64-fedora-gcc | 0.1.6 | 161.08 | OK | |||
r-devel-windows-x86_64 | 0.1.6 | 12.00 | 99.00 | 111.00 | NOTE | |
r-patched-linux-x86_64 | 0.1.6 | 9.69 | 103.53 | 113.22 | NOTE | |
r-release-linux-x86_64 | 0.1.6 | 8.27 | 101.02 | 109.29 | NOTE | |
r-release-macos-arm64 | 0.1.6 | 49.00 | NOTE | |||
r-release-macos-x86_64 | 0.1.6 | 110.00 | NOTE | |||
r-release-windows-x86_64 | 0.1.6 | 18.00 | 114.00 | 132.00 | NOTE | |
r-oldrel-macos-arm64 | 0.1.6 | 57.00 | NOTE | |||
r-oldrel-macos-x86_64 | 0.1.6 | 66.00 | WARN | |||
r-oldrel-windows-x86_64 | 0.1.6 | 16.00 | 116.00 | 132.00 | NOTE |
Version: 0.1.6
Check: package dependencies
Result: NOTE
Package suggested but not available for checking: ‘INLA’
Flavors: r-devel-linux-x86_64-debian-clang, r-devel-linux-x86_64-debian-gcc, r-devel-windows-x86_64, r-patched-linux-x86_64, r-release-linux-x86_64, r-release-macos-arm64, r-release-macos-x86_64, r-release-windows-x86_64, r-oldrel-macos-arm64, r-oldrel-macos-x86_64, r-oldrel-windows-x86_64
Version: 0.1.6
Check: dependencies in R code
Result: WARN
Missing or unexported object: ‘stars::st_res’
Flavor: r-oldrel-macos-x86_64