Last updated on 2023-09-24 08:58:30 CEST.
Flavor | Version | Tinstall | Tcheck | Ttotal | Status | Flags |
---|---|---|---|---|---|---|
r-devel-linux-x86_64-debian-clang | 1.5.5 | 14.24 | 281.43 | 295.67 | OK | |
r-devel-linux-x86_64-debian-gcc | 1.5.5 | 10.18 | 197.72 | 207.90 | OK | |
r-devel-linux-x86_64-fedora-clang | 1.5.5 | 354.88 | WARN | |||
r-devel-linux-x86_64-fedora-gcc | 1.5.5 | 370.49 | WARN | |||
r-devel-windows-x86_64 | 1.5.5 | 13.00 | 227.00 | 240.00 | OK | |
r-patched-linux-x86_64 | 1.5.5 | 12.92 | 268.61 | 281.53 | OK | |
r-release-linux-x86_64 | 1.5.5 | 12.01 | 268.52 | 280.53 | OK | |
r-release-macos-arm64 | 1.5.5 | 116.00 | OK | |||
r-release-macos-x86_64 | 1.5.5 | 280.00 | OK | |||
r-release-windows-x86_64 | 1.5.5 | 15.00 | 278.00 | 293.00 | OK | |
r-oldrel-macos-arm64 | 1.5.5 | 107.00 | OK | |||
r-oldrel-macos-x86_64 | 1.5.5 | 151.00 | OK | |||
r-oldrel-windows-x86_64 | 1.5.5 | 16.00 | 272.00 | 288.00 | OK |
Version: 1.5.5
Check: sizes of PDF files under ‘inst/doc’
Result: WARN
‘gs+qpdf’ made some significant size reductions:
compacted ‘a-SightabilityModel.pdf’ from 399Kb to 140Kb
consider running tools::compactPDF(gs_quality = "ebook") on these files
Flavors: r-devel-linux-x86_64-fedora-clang, r-devel-linux-x86_64-fedora-gcc