Last updated on 2024-04-18 20:56:05 CEST.
Flavor | Version | Tinstall | Tcheck | Ttotal | Status | Flags |
---|---|---|---|---|---|---|
r-devel-linux-x86_64-debian-clang | 0.4.0 | 5.43 | 51.81 | 57.24 | NOTE | |
r-devel-linux-x86_64-debian-gcc | 0.4.0 | 4.19 | 37.60 | 41.79 | NOTE | |
r-devel-linux-x86_64-fedora-clang | 0.4.0 | 74.93 | NOTE | |||
r-devel-linux-x86_64-fedora-gcc | 0.4.0 | 70.41 | NOTE | |||
r-prerel-macos-arm64 | 0.4.0 | 26.00 | NOTE | |||
r-prerel-windows-x86_64 | 0.4.0 | 6.00 | 63.00 | 69.00 | NOTE | |
r-patched-linux-x86_64 | 0.4.0 | 3.88 | 50.69 | 54.57 | NOTE | |
r-release-linux-x86_64 | 0.4.0 | 3.98 | 49.76 | 53.74 | OK | |
r-release-macos-arm64 | 0.4.0 | 26.00 | OK | |||
r-release-macos-x86_64 | 0.4.0 | 38.00 | OK | |||
r-release-windows-x86_64 | 0.4.0 | 7.00 | 69.00 | 76.00 | OK | |
r-oldrel-macos-arm64 | 0.4.0 | 25.00 | OK | |||
r-oldrel-windows-x86_64 | 0.4.0 | 8.00 | 70.00 | 78.00 | OK |
Version: 0.4.0
Check: Rd files
Result: NOTE
checkRd: (-1) age_corr.Rd:15: Lost braces
15 | \item{plot}{Should the results be plotted? (/code{TRUE/FALSE})}
| ^
checkRd: (-1) age_corr.Rd:17: Lost braces
17 | \item{agecorrection}{Correct for jumps in age (/code{TRUE}) or
| ^
checkRd: (-1) age_corr.Rd:18: Lost braces
18 | only for starting time (/code{FALSE})}
| ^
Flavors: r-devel-linux-x86_64-debian-clang, r-devel-linux-x86_64-debian-gcc, r-devel-linux-x86_64-fedora-clang, r-devel-linux-x86_64-fedora-gcc, r-prerel-macos-arm64, r-prerel-windows-x86_64, r-patched-linux-x86_64