Last updated on 2024-03-29 07:54:58 CET.
Flavor | Version | Tinstall | Tcheck | Ttotal | Status | Flags |
---|---|---|---|---|---|---|
r-devel-linux-x86_64-debian-clang | 0.2.9 | 68.91 | 606.11 | 675.02 | OK | |
r-devel-linux-x86_64-debian-gcc | 0.2.9 | 51.85 | 437.75 | 489.60 | OK | |
r-devel-linux-x86_64-fedora-clang | 0.2.9 | 874.27 | NOTE | |||
r-devel-linux-x86_64-fedora-gcc | 0.2.9 | 830.15 | OK | |||
r-devel-windows-x86_64 | 0.2.9 | 52.00 | 410.00 | 462.00 | OK | |
r-patched-linux-x86_64 | 0.2.9 | 53.20 | 579.49 | 632.69 | OK | |
r-release-linux-x86_64 | 0.2.9 | 42.87 | 575.08 | 617.95 | OK | |
r-release-macos-arm64 | 0.2.9 | 235.00 | OK | |||
r-release-macos-x86_64 | 0.2.9 | 490.00 | OK | |||
r-release-windows-x86_64 | 0.2.9 | 73.00 | 574.00 | 647.00 | OK | |
r-oldrel-macos-arm64 | 0.2.9 | 233.00 | OK | |||
r-oldrel-windows-x86_64 | 0.2.9 | 72.00 | 551.00 | 623.00 | OK |
Version: 0.2.9
Check: package dependencies
Result: NOTE
Imports includes 24 non-default packages.
Importing from so many packages makes the package vulnerable to any of
them becoming unavailable. Move as many as possible to Suggests and
use conditionally.
Flavor: r-devel-linux-x86_64-fedora-clang