Last updated on 2023-11-29 07:52:26 CET.
Flavor | Version | Tinstall | Tcheck | Ttotal | Status | Flags |
---|---|---|---|---|---|---|
r-devel-linux-x86_64-debian-clang | 1.19.52 | 70.50 | 202.85 | 273.35 | OK | |
r-devel-linux-x86_64-debian-gcc | 1.19.52 | 59.29 | 152.68 | 211.97 | OK | |
r-devel-linux-x86_64-fedora-clang | 1.19.52 | 366.54 | OK | |||
r-devel-linux-x86_64-fedora-gcc | 1.19.52 | 348.18 | OK | |||
r-devel-windows-x86_64 | 1.19.52 | 58.00 | 183.00 | 241.00 | OK | |
r-patched-linux-x86_64 | 1.19.52 | 77.12 | 194.14 | 271.26 | OK | |
r-release-linux-x86_64 | 1.19.52 | 60.17 | 195.92 | 256.09 | OK | |
r-release-macos-arm64 | 1.19.52 | 123.00 | OK | |||
r-release-macos-x86_64 | 1.19.52 | 188.00 | NOTE | |||
r-release-windows-x86_64 | 1.19.52 | 85.00 | 234.00 | 319.00 | OK | |
r-oldrel-macos-arm64 | 1.19.52 | 123.00 | OK | |||
r-oldrel-macos-x86_64 | 1.19.52 | 153.00 | OK | |||
r-oldrel-windows-x86_64 | 1.19.52 | 91.00 | 220.00 | 311.00 | OK |
Version: 1.19.52
Check: installed package size
Result: NOTE
installed size is 5.4Mb
sub-directories of 1Mb or more:
data 4.7Mb
Flavor: r-release-macos-x86_64