Last updated on 2024-04-23 07:51:21 CEST.
Flavor | Version | Tinstall | Tcheck | Ttotal | Status | Flags |
---|---|---|---|---|---|---|
r-devel-linux-x86_64-debian-clang | 2.2 | 3.73 | 40.35 | 44.08 | OK | |
r-devel-linux-x86_64-debian-gcc | 2.2 | 2.52 | 29.81 | 32.33 | OK | |
r-devel-linux-x86_64-fedora-clang | 2.2 | 53.86 | NOTE | |||
r-devel-linux-x86_64-fedora-gcc | 2.2 | 50.31 | NOTE | |||
r-prerel-macos-arm64 | 2.2 | 19.00 | OK | |||
r-prerel-macos-x86_64 | 2.2 | 54.00 | OK | |||
r-prerel-windows-x86_64 | 2.2 | 3.00 | 50.00 | 53.00 | OK | |
r-patched-linux-x86_64 | 2.2 | 3.66 | 37.57 | 41.23 | OK | |
r-release-linux-x86_64 | 2.2 | 2.54 | 38.11 | 40.65 | OK | |
r-release-macos-arm64 | 2.2 | 32.00 | OK | |||
r-release-macos-x86_64 | 2.2 | 51.00 | OK | |||
r-release-windows-x86_64 | 2.2 | 3.00 | 52.00 | 55.00 | OK | |
r-oldrel-macos-arm64 | 2.2 | 34.00 | OK | |||
r-oldrel-windows-x86_64 | 2.2 | 5.00 | 57.00 | 62.00 | OK |
Version: 2.2
Check: data for non-ASCII characters
Result: NOTE
Note: found 5 marked Latin-1 strings
Flavors: r-devel-linux-x86_64-fedora-clang, r-devel-linux-x86_64-fedora-gcc