Last updated on 2024-03-28 07:53:04 CET.
Flavor | Version | Tinstall | Tcheck | Ttotal | Status | Flags |
---|---|---|---|---|---|---|
r-devel-linux-x86_64-debian-clang | 1.0.0 | 22.99 | 402.63 | 425.62 | OK | |
r-devel-linux-x86_64-debian-gcc | 1.0.0 | 23.63 | 298.37 | 322.00 | OK | |
r-devel-linux-x86_64-fedora-clang | 1.0.0 | 591.01 | OK | |||
r-devel-linux-x86_64-fedora-gcc | 1.0.0 | 560.24 | OK | |||
r-devel-windows-x86_64 | 1.0.0 | 25.00 | 298.00 | 323.00 | OK | |
r-patched-linux-x86_64 | 1.0.0 | 37.90 | 395.11 | 433.01 | OK | |
r-release-linux-x86_64 | 1.0.0 | 19.15 | 384.02 | 403.17 | OK | |
r-release-macos-arm64 | 1.0.0 | 163.00 | NOTE | |||
r-release-macos-x86_64 | 1.0.0 | 390.00 | NOTE | |||
r-release-windows-x86_64 | 1.0.0 | 34.00 | 389.00 | 423.00 | OK | |
r-oldrel-macos-arm64 | 1.0.0 | 157.00 | NOTE | |||
r-oldrel-windows-x86_64 | 1.0.0 | 35.00 | 391.00 | 426.00 | OK |
Version: 1.0.0
Check: installed package size
Result: NOTE
installed size is 5.5Mb
sub-directories of 1Mb or more:
data 4.8Mb
Flavors: r-release-macos-arm64, r-release-macos-x86_64, r-oldrel-macos-arm64