Last updated on 2023-09-23 08:11:09 CEST.
Flavor | Version | Tinstall | Tcheck | Ttotal | Status | Flags |
---|---|---|---|---|---|---|
r-devel-linux-x86_64-debian-clang | 2023.3.31 | 73.85 | 124.82 | 198.67 | NOTE | |
r-devel-linux-x86_64-debian-gcc | 2023.3.31 | 68.06 | 108.93 | 176.99 | NOTE | |
r-devel-linux-x86_64-fedora-clang | 2023.3.31 | 249.05 | NOTE | |||
r-devel-linux-x86_64-fedora-gcc | 2023.3.31 | 314.78 | NOTE | |||
r-devel-windows-x86_64 | 2023.3.31 | 57.00 | 133.00 | 190.00 | NOTE | |
r-patched-linux-x86_64 | 2023.3.31 | 84.28 | 124.26 | 208.54 | OK | |
r-release-linux-x86_64 | 2023.3.31 | 83.51 | 123.53 | 207.04 | OK | |
r-release-macos-arm64 | 2023.3.31 | 95.00 | NOTE | |||
r-release-macos-x86_64 | 2023.3.31 | 204.00 | NOTE | |||
r-release-windows-x86_64 | 2023.3.31 | 74.00 | 159.00 | 233.00 | NOTE | |
r-oldrel-macos-arm64 | 2023.3.31 | 77.00 | NOTE | |||
r-oldrel-macos-x86_64 | 2023.3.31 | 97.00 | NOTE | |||
r-oldrel-windows-x86_64 | 2023.3.31 | 67.00 | 153.00 | 220.00 | NOTE |
Version: 2023.3.31
Check: Rd \usage sections
Result: NOTE
Documented arguments not in \usage in documentation object 'logit':
‘theta’
Functions with \usage entries need to have the appropriate \alias
entries, and all their arguments documented.
The \usage entries must correspond to syntactically valid R code.
See chapter ‘Writing R documentation files’ in the ‘Writing R
Extensions’ manual.
Flavors: r-devel-linux-x86_64-debian-clang, r-devel-linux-x86_64-debian-gcc, r-devel-linux-x86_64-fedora-clang, r-devel-linux-x86_64-fedora-gcc, r-devel-windows-x86_64
Version: 2023.3.31
Check: installed package size
Result: NOTE
installed size is 13.4Mb
sub-directories of 1Mb or more:
libs 12.6Mb
Flavors: r-devel-windows-x86_64, r-release-macos-arm64, r-release-macos-x86_64, r-release-windows-x86_64, r-oldrel-macos-arm64, r-oldrel-macos-x86_64, r-oldrel-windows-x86_64