Last updated on 2024-04-24 07:57:54 CEST.
Flavor | Version | Tinstall | Tcheck | Ttotal | Status | Flags |
---|---|---|---|---|---|---|
r-devel-linux-x86_64-debian-clang | 1.2.1 | 48.60 | 515.60 | 564.20 | OK | |
r-devel-linux-x86_64-debian-gcc | 1.2.1 | 41.83 | 361.71 | 403.54 | OK | |
r-devel-linux-x86_64-fedora-clang | 1.2.1 | 702.62 | NOTE | |||
r-devel-linux-x86_64-fedora-gcc | 1.2.1 | 648.33 | OK | |||
r-prerel-macos-arm64 | 1.2.1 | 138.00 | OK | |||
r-prerel-windows-x86_64 | 1.2.1 | 45.00 | 308.00 | 353.00 | OK | |
r-patched-linux-x86_64 | 1.2.1 | 44.63 | 478.97 | 523.60 | OK | |
r-release-linux-x86_64 | 1.2.1 | 43.96 | 483.64 | 527.60 | OK | |
r-release-macos-arm64 | 1.2.1 | 114.00 | OK | |||
r-release-macos-x86_64 | 1.2.1 | 241.00 | OK | |||
r-release-windows-x86_64 | 1.2.1 | 62.00 | 458.00 | 520.00 | OK | |
r-oldrel-macos-arm64 | 1.2.1 | 133.00 | OK | |||
r-oldrel-windows-x86_64 | 1.2.1 | 62.00 | 415.00 | 477.00 | OK |
Version: 1.2.1
Check: package dependencies
Result: NOTE
Imports includes 35 non-default packages.
Importing from so many packages makes the package vulnerable to any of
them becoming unavailable. Move as many as possible to Suggests and
use conditionally.
Flavor: r-devel-linux-x86_64-fedora-clang