Last updated on 2023-10-04 20:42:41 CEST.
Flavor | Version | Tinstall | Tcheck | Ttotal | Status | Flags |
---|---|---|---|---|---|---|
r-devel-linux-x86_64-debian-clang | 1.2.1 | 55.43 | 500.30 | 555.73 | OK | |
r-devel-linux-x86_64-debian-gcc | 1.2.1 | 45.23 | 366.90 | 412.13 | OK | |
r-devel-linux-x86_64-fedora-clang | 1.2.1 | 660.12 | NOTE | |||
r-devel-linux-x86_64-fedora-gcc | 1.2.1 | 704.24 | OK | |||
r-devel-windows-x86_64 | 1.2.1 | 48.00 | 309.00 | 357.00 | OK | |
r-patched-linux-x86_64 | 1.2.1 | 52.01 | 484.58 | 536.59 | OK | |
r-release-linux-x86_64 | 1.2.1 | 59.38 | 483.51 | 542.89 | OK | |
r-release-macos-arm64 | 1.2.1 | 114.00 | OK | |||
r-release-macos-x86_64 | 1.2.1 | 241.00 | OK | |||
r-release-windows-x86_64 | 1.2.1 | 62.00 | 422.00 | 484.00 | OK | |
r-oldrel-macos-arm64 | 1.2.1 | 133.00 | OK | |||
r-oldrel-macos-x86_64 | 1.2.1 | 209.00 | OK | |||
r-oldrel-windows-x86_64 | 1.2.1 | 63.00 | 421.00 | 484.00 | OK |
Version: 1.2.1
Check: package dependencies
Result: NOTE
Imports includes 35 non-default packages.
Importing from so many packages makes the package vulnerable to any of
them becoming unavailable. Move as many as possible to Suggests and
use conditionally.
Flavor: r-devel-linux-x86_64-fedora-clang