Last updated on 2023-05-29 08:55:11 CEST.
Flavor | Version | Tinstall | Tcheck | Ttotal | Status | Flags |
---|---|---|---|---|---|---|
r-devel-linux-x86_64-debian-clang | 0.8.2 | 77.84 | 218.80 | 296.64 | NOTE | |
r-devel-linux-x86_64-debian-gcc | 0.8.2 | 61.89 | 151.61 | 213.50 | NOTE | |
r-devel-linux-x86_64-fedora-clang | 0.8.2 | 387.52 | NOTE | |||
r-devel-linux-x86_64-fedora-gcc | 0.8.2 | 450.48 | NOTE | |||
r-devel-windows-x86_64 | 0.8.2 | 63.00 | 183.00 | 246.00 | NOTE | |
r-patched-linux-x86_64 | 0.8.2 | 56.78 | 200.12 | 256.90 | NOTE | |
r-release-linux-x86_64 | 0.8.2 | 66.20 | 197.98 | 264.18 | NOTE | |
r-release-macos-arm64 | 0.8.2 | 116.00 | NOTE | |||
r-release-macos-x86_64 | 0.8.2 | 179.00 | NOTE | |||
r-release-windows-x86_64 | 0.8.2 | 80.00 | 230.00 | 310.00 | NOTE | |
r-oldrel-macos-arm64 | 0.8.2 | 99.00 | NOTE | |||
r-oldrel-macos-x86_64 | 0.8.2 | 121.00 | NOTE | |||
r-oldrel-windows-x86_64 | 0.8.2 | 79.00 | 219.00 | 298.00 | OK |
Version: 0.8.2
Check: C++ specification
Result: NOTE
Specified C++11: please drop specification unless essential
Flavors: r-devel-linux-x86_64-debian-clang, r-devel-linux-x86_64-debian-gcc, r-devel-linux-x86_64-fedora-clang, r-devel-linux-x86_64-fedora-gcc, r-devel-windows-x86_64, r-patched-linux-x86_64, r-release-linux-x86_64, r-release-macos-arm64, r-release-macos-x86_64, r-release-windows-x86_64
Version: 0.8.2
Check: installed package size
Result: NOTE
installed size is 6.2Mb
sub-directories of 1Mb or more:
extdata 3.1Mb
libs 2.9Mb
Flavors: r-release-macos-arm64, r-release-macos-x86_64, r-oldrel-macos-arm64, r-oldrel-macos-x86_64